{"id":4258,"date":"2021-02-15T17:43:18","date_gmt":"2021-02-15T15:43:18","guid":{"rendered":"https:\/\/www.bengs-modellbau.de\/magazin\/?page_id=4258"},"modified":"2021-02-15T18:18:28","modified_gmt":"2021-02-15T16:18:28","slug":"halbbalancier-dampfmaschine-grasshopper","status":"publish","type":"page","link":"https:\/\/www.bengs-modellbau.de\/magazin\/kunden-modelle\/dampfmaschine\/halbbalancier-dampfmaschine-grasshopper\/","title":{"rendered":"Halbbalancier Dampfmaschine Grasshopper"},"content":{"rendered":"<p>Auf dieser Seite des Bengs Modellbaumagazin m\u00f6chten wir Ihnen verschiedene von Kunden gebaute <a href=\"https:\/\/www.bengs-modellbau.de\/materialbausaetze\/dampfmaschinen\/halbbalancier-dampfmaschine-grasshopper\">Halbbalancier Dampfmaschinen Grasshopper<\/a> zeigen. Das Modell wird mit einem gravierten Grundplatte geliefert und ist mit dem 140 mm Schwungrad ausgestattet. Sollten Sie ebenfalls eine Grasshopper Dampfmaschine gebaut haben w\u00fcrde wir uns freuen wenn Sie uns ebenfalls Fotos zur Verf\u00fcgung stellen k\u00f6nnten die wir hier ver\u00f6ffentlichen w\u00fcrden.<\/p>\n<h3>Halbbalancier Dampfmaschine mit einem massiven Sockel<\/h3>\n<p>Besonders auff\u00e4llig ist bei dieser Halbbalancier Dampfmaschine ist der wundersch\u00f6ne massiv gebaute Sockel der besonders sch\u00f6n farblich gestaltet wurde. Das Eckventil wurde bei diesem Modell gegen einen Fliehkraftregler mit 3 Kugeln getauscht. Der Fliehkraftregler regelt die Dampfzufuhr und sorgt so f\u00fcr einen gleichm\u00e4\u00dfigen Lauf. Der Zylinder wurde au\u00dfen mit Holz verkleidet.<\/p>\n<p><a href=\"https:\/\/www.bengs-modellbau.de\/magazin\/wp-content\/uploads\/2021\/02\/Grashopper-Dampfmaschine-Kundenmodell.jpg\"><img fetchpriority=\"high\" decoding=\"async\" class=\"alignnone wp-image-4260 size-large\" src=\"https:\/\/www.bengs-modellbau.de\/magazin\/wp-content\/uploads\/2021\/02\/Grashopper-Dampfmaschine-Kundenmodell-1024x815.jpg\" alt=\"Die Halbbalancier Dampfmaschine Grasshopper von Bengs Modellbau\" width=\"840\" height=\"669\" srcset=\"https:\/\/www.bengs-modellbau.de\/magazin\/wp-content\/uploads\/2021\/02\/Grashopper-Dampfmaschine-Kundenmodell-1024x815.jpg 1024w, https:\/\/www.bengs-modellbau.de\/magazin\/wp-content\/uploads\/2021\/02\/Grashopper-Dampfmaschine-Kundenmodell-300x239.jpg 300w, https:\/\/www.bengs-modellbau.de\/magazin\/wp-content\/uploads\/2021\/02\/Grashopper-Dampfmaschine-Kundenmodell-768x612.jpg 768w, https:\/\/www.bengs-modellbau.de\/magazin\/wp-content\/uploads\/2021\/02\/Grashopper-Dampfmaschine-Kundenmodell-1536x1223.jpg 1536w, https:\/\/www.bengs-modellbau.de\/magazin\/wp-content\/uploads\/2021\/02\/Grashopper-Dampfmaschine-Kundenmodell-1200x956.jpg 1200w, https:\/\/www.bengs-modellbau.de\/magazin\/wp-content\/uploads\/2021\/02\/Grashopper-Dampfmaschine-Kundenmodell.jpg 1600w\" sizes=\"(max-width: 840px) 100vw, 840px\" \/><\/a><\/p>\n<p>&nbsp;<\/p>\n<p><a href=\"https:\/\/www.bengs-modellbau.de\/magazin\/wp-content\/uploads\/2021\/02\/Grasshopper-Dampfmaschine-fliehkraftregler.jpg\"><img decoding=\"async\" class=\"alignnone size-large wp-image-4261\" src=\"https:\/\/www.bengs-modellbau.de\/magazin\/wp-content\/uploads\/2021\/02\/Grasshopper-Dampfmaschine-fliehkraftregler-1024x769.jpg\" alt=\"\" width=\"840\" height=\"631\" srcset=\"https:\/\/www.bengs-modellbau.de\/magazin\/wp-content\/uploads\/2021\/02\/Grasshopper-Dampfmaschine-fliehkraftregler-1024x769.jpg 1024w, https:\/\/www.bengs-modellbau.de\/magazin\/wp-content\/uploads\/2021\/02\/Grasshopper-Dampfmaschine-fliehkraftregler-300x225.jpg 300w, https:\/\/www.bengs-modellbau.de\/magazin\/wp-content\/uploads\/2021\/02\/Grasshopper-Dampfmaschine-fliehkraftregler-768x577.jpg 768w, https:\/\/www.bengs-modellbau.de\/magazin\/wp-content\/uploads\/2021\/02\/Grasshopper-Dampfmaschine-fliehkraftregler-1536x1154.jpg 1536w, https:\/\/www.bengs-modellbau.de\/magazin\/wp-content\/uploads\/2021\/02\/Grasshopper-Dampfmaschine-fliehkraftregler-1200x902.jpg 1200w, https:\/\/www.bengs-modellbau.de\/magazin\/wp-content\/uploads\/2021\/02\/Grasshopper-Dampfmaschine-fliehkraftregler.jpg 1600w\" sizes=\"(max-width: 840px) 100vw, 840px\" \/><\/a><\/p>\n<p><a href=\"https:\/\/www.bengs-modellbau.de\/magazin\/wp-content\/uploads\/2021\/02\/Grasshopper-Dampfmaschine-modellbau.jpg\"><img decoding=\"async\" class=\"alignnone size-large wp-image-4262\" src=\"https:\/\/www.bengs-modellbau.de\/magazin\/wp-content\/uploads\/2021\/02\/Grasshopper-Dampfmaschine-modellbau-973x1024.jpg\" alt=\"\" width=\"840\" height=\"884\" srcset=\"https:\/\/www.bengs-modellbau.de\/magazin\/wp-content\/uploads\/2021\/02\/Grasshopper-Dampfmaschine-modellbau-973x1024.jpg 973w, https:\/\/www.bengs-modellbau.de\/magazin\/wp-content\/uploads\/2021\/02\/Grasshopper-Dampfmaschine-modellbau-285x300.jpg 285w, https:\/\/www.bengs-modellbau.de\/magazin\/wp-content\/uploads\/2021\/02\/Grasshopper-Dampfmaschine-modellbau-768x808.jpg 768w, https:\/\/www.bengs-modellbau.de\/magazin\/wp-content\/uploads\/2021\/02\/Grasshopper-Dampfmaschine-modellbau-1460x1536.jpg 1460w, https:\/\/www.bengs-modellbau.de\/magazin\/wp-content\/uploads\/2021\/02\/Grasshopper-Dampfmaschine-modellbau-1200x1262.jpg 1200w, https:\/\/www.bengs-modellbau.de\/magazin\/wp-content\/uploads\/2021\/02\/Grasshopper-Dampfmaschine-modellbau.jpg 1521w\" sizes=\"(max-width: 840px) 100vw, 840px\" \/><\/a><\/p>\n<p><a href=\"https:\/\/www.bengs-modellbau.de\/magazin\/wp-content\/uploads\/2021\/02\/Grasshopper-Dampfmaschine-bengs.jpg\"><img loading=\"lazy\" decoding=\"async\" class=\"alignnone size-large wp-image-4264\" src=\"https:\/\/www.bengs-modellbau.de\/magazin\/wp-content\/uploads\/2021\/02\/Grasshopper-Dampfmaschine-bengs-1024x786.jpg\" alt=\"\" width=\"840\" height=\"645\" srcset=\"https:\/\/www.bengs-modellbau.de\/magazin\/wp-content\/uploads\/2021\/02\/Grasshopper-Dampfmaschine-bengs-1024x786.jpg 1024w, https:\/\/www.bengs-modellbau.de\/magazin\/wp-content\/uploads\/2021\/02\/Grasshopper-Dampfmaschine-bengs-300x230.jpg 300w, https:\/\/www.bengs-modellbau.de\/magazin\/wp-content\/uploads\/2021\/02\/Grasshopper-Dampfmaschine-bengs-768x589.jpg 768w, https:\/\/www.bengs-modellbau.de\/magazin\/wp-content\/uploads\/2021\/02\/Grasshopper-Dampfmaschine-bengs-1536x1179.jpg 1536w, https:\/\/www.bengs-modellbau.de\/magazin\/wp-content\/uploads\/2021\/02\/Grasshopper-Dampfmaschine-bengs-1200x921.jpg 1200w, https:\/\/www.bengs-modellbau.de\/magazin\/wp-content\/uploads\/2021\/02\/Grasshopper-Dampfmaschine-bengs.jpg 1600w\" sizes=\"(max-width: 840px) 100vw, 840px\" \/><\/a><\/p>\n<p>&nbsp;<\/p>\n<p>&nbsp;<\/p>\n","protected":false},"excerpt":{"rendered":"<p>Auf dieser Seite des Bengs Modellbaumagazin m\u00f6chten wir Ihnen verschiedene von Kunden gebaute Halbbalancier Dampfmaschinen Grasshopper zeigen. Das Modell wird mit einem gravierten Grundplatte geliefert und ist mit dem 140 mm Schwungrad ausgestattet. Sollten Sie ebenfalls eine Grasshopper Dampfmaschine gebaut haben w\u00fcrde wir uns freuen wenn Sie uns ebenfalls Fotos zur Verf\u00fcgung stellen k\u00f6nnten die [&hellip;]<\/p>\n","protected":false},"author":1,"featured_media":0,"parent":381,"menu_order":0,"comment_status":"closed","ping_status":"closed","template":"","meta":{"footnotes":""},"class_list":["post-4258","page","type-page","status-publish","hentry"],"yoast_head":"<!-- This site is optimized with the Yoast SEO plugin v27.4 - https:\/\/yoast.com\/product\/yoast-seo-wordpress\/ -->\n<title>Halbbalancier Dampfmaschine Grasshopper - Bengs Modellbau Magazin<\/title>\n<meta name=\"description\" content=\"Auf dieser Seite des Bengs Modellbaumagazin m\u00f6chten wir Ihnen verschiedene von Kunden gebaute Halbbalancier Dampfmaschinen Grasshopper zeigen.\" \/>\n<meta name=\"robots\" content=\"index, follow, max-snippet:-1, max-image-preview:large, max-video-preview:-1\" \/>\n<link rel=\"canonical\" href=\"https:\/\/www.bengs-modellbau.de\/magazin\/kunden-modelle\/dampfmaschine\/halbbalancier-dampfmaschine-grasshopper\/\" \/>\n<meta property=\"og:locale\" content=\"de_DE\" \/>\n<meta property=\"og:type\" content=\"article\" \/>\n<meta property=\"og:title\" content=\"Halbbalancier Dampfmaschine Grasshopper - Bengs Modellbau Magazin\" \/>\n<meta property=\"og:description\" content=\"Auf dieser Seite des Bengs Modellbaumagazin m\u00f6chten wir Ihnen verschiedene von Kunden gebaute Halbbalancier Dampfmaschinen Grasshopper zeigen.\" \/>\n<meta property=\"og:url\" content=\"https:\/\/www.bengs-modellbau.de\/magazin\/kunden-modelle\/dampfmaschine\/halbbalancier-dampfmaschine-grasshopper\/\" \/>\n<meta property=\"og:site_name\" content=\"Bengs Modellbau Magazin\" \/>\n<meta property=\"article:modified_time\" content=\"2021-02-15T16:18:28+00:00\" \/>\n<meta property=\"og:image\" content=\"https:\/\/www.bengs-modellbau.de\/magazin\/wp-content\/uploads\/2021\/02\/Grashopper-Dampfmaschine-Kundenmodell-1024x815.jpg\" \/>\n<meta name=\"twitter:card\" content=\"summary_large_image\" \/>\n<meta name=\"twitter:label1\" content=\"Gesch\u00e4tzte Lesezeit\" \/>\n\t<meta name=\"twitter:data1\" content=\"2\u00a0Minuten\" \/>\n<script type=\"application\/ld+json\" class=\"yoast-schema-graph\">{\"@context\":\"https:\\\/\\\/schema.org\",\"@graph\":[{\"@type\":\"WebPage\",\"@id\":\"https:\\\/\\\/www.bengs-modellbau.de\\\/magazin\\\/kunden-modelle\\\/dampfmaschine\\\/halbbalancier-dampfmaschine-grasshopper\\\/\",\"url\":\"https:\\\/\\\/www.bengs-modellbau.de\\\/magazin\\\/kunden-modelle\\\/dampfmaschine\\\/halbbalancier-dampfmaschine-grasshopper\\\/\",\"name\":\"Halbbalancier Dampfmaschine Grasshopper - Bengs Modellbau Magazin\",\"isPartOf\":{\"@id\":\"https:\\\/\\\/www.bengs-modellbau.de\\\/magazin\\\/#website\"},\"primaryImageOfPage\":{\"@id\":\"https:\\\/\\\/www.bengs-modellbau.de\\\/magazin\\\/kunden-modelle\\\/dampfmaschine\\\/halbbalancier-dampfmaschine-grasshopper\\\/#primaryimage\"},\"image\":{\"@id\":\"https:\\\/\\\/www.bengs-modellbau.de\\\/magazin\\\/kunden-modelle\\\/dampfmaschine\\\/halbbalancier-dampfmaschine-grasshopper\\\/#primaryimage\"},\"thumbnailUrl\":\"https:\\\/\\\/www.bengs-modellbau.de\\\/magazin\\\/wp-content\\\/uploads\\\/2021\\\/02\\\/Grashopper-Dampfmaschine-Kundenmodell-1024x815.jpg\",\"datePublished\":\"2021-02-15T15:43:18+00:00\",\"dateModified\":\"2021-02-15T16:18:28+00:00\",\"description\":\"Auf dieser Seite des Bengs Modellbaumagazin m\u00f6chten wir Ihnen verschiedene von Kunden gebaute Halbbalancier Dampfmaschinen Grasshopper zeigen.\",\"breadcrumb\":{\"@id\":\"https:\\\/\\\/www.bengs-modellbau.de\\\/magazin\\\/kunden-modelle\\\/dampfmaschine\\\/halbbalancier-dampfmaschine-grasshopper\\\/#breadcrumb\"},\"inLanguage\":\"de\",\"potentialAction\":[{\"@type\":\"ReadAction\",\"target\":[\"https:\\\/\\\/www.bengs-modellbau.de\\\/magazin\\\/kunden-modelle\\\/dampfmaschine\\\/halbbalancier-dampfmaschine-grasshopper\\\/\"]}]},{\"@type\":\"ImageObject\",\"inLanguage\":\"de\",\"@id\":\"https:\\\/\\\/www.bengs-modellbau.de\\\/magazin\\\/kunden-modelle\\\/dampfmaschine\\\/halbbalancier-dampfmaschine-grasshopper\\\/#primaryimage\",\"url\":\"https:\\\/\\\/www.bengs-modellbau.de\\\/magazin\\\/wp-content\\\/uploads\\\/2021\\\/02\\\/Grashopper-Dampfmaschine-Kundenmodell.jpg\",\"contentUrl\":\"https:\\\/\\\/www.bengs-modellbau.de\\\/magazin\\\/wp-content\\\/uploads\\\/2021\\\/02\\\/Grashopper-Dampfmaschine-Kundenmodell.jpg\",\"width\":1600,\"height\":1274},{\"@type\":\"BreadcrumbList\",\"@id\":\"https:\\\/\\\/www.bengs-modellbau.de\\\/magazin\\\/kunden-modelle\\\/dampfmaschine\\\/halbbalancier-dampfmaschine-grasshopper\\\/#breadcrumb\",\"itemListElement\":[{\"@type\":\"ListItem\",\"position\":1,\"name\":\"Startseite\",\"item\":\"https:\\\/\\\/www.bengs-modellbau.de\\\/magazin\\\/\"},{\"@type\":\"ListItem\",\"position\":2,\"name\":\"Kunden Modelle\",\"item\":\"https:\\\/\\\/www.bengs-modellbau.de\\\/magazin\\\/kunden-modelle\\\/\"},{\"@type\":\"ListItem\",\"position\":3,\"name\":\"Dampfmaschine\",\"item\":\"https:\\\/\\\/www.bengs-modellbau.de\\\/magazin\\\/kunden-modelle\\\/dampfmaschine\\\/\"},{\"@type\":\"ListItem\",\"position\":4,\"name\":\"Halbbalancier Dampfmaschine Grasshopper\"}]},{\"@type\":\"WebSite\",\"@id\":\"https:\\\/\\\/www.bengs-modellbau.de\\\/magazin\\\/#website\",\"url\":\"https:\\\/\\\/www.bengs-modellbau.de\\\/magazin\\\/\",\"name\":\"Bengs Modellbau Magazin\",\"description\":\"\",\"publisher\":{\"@id\":\"https:\\\/\\\/www.bengs-modellbau.de\\\/magazin\\\/#organization\"},\"potentialAction\":[{\"@type\":\"SearchAction\",\"target\":{\"@type\":\"EntryPoint\",\"urlTemplate\":\"https:\\\/\\\/www.bengs-modellbau.de\\\/magazin\\\/?s={search_term_string}\"},\"query-input\":{\"@type\":\"PropertyValueSpecification\",\"valueRequired\":true,\"valueName\":\"search_term_string\"}}],\"inLanguage\":\"de\"},{\"@type\":\"Organization\",\"@id\":\"https:\\\/\\\/www.bengs-modellbau.de\\\/magazin\\\/#organization\",\"name\":\"Bengs Modellbau Magazin\",\"url\":\"https:\\\/\\\/www.bengs-modellbau.de\\\/magazin\\\/\",\"logo\":{\"@type\":\"ImageObject\",\"inLanguage\":\"de\",\"@id\":\"https:\\\/\\\/www.bengs-modellbau.de\\\/magazin\\\/#\\\/schema\\\/logo\\\/image\\\/\",\"url\":\"https:\\\/\\\/www.bengs-modellbau.de\\\/magazin\\\/wp-content\\\/uploads\\\/2024\\\/01\\\/logo-bengs-ebay-2.jpg\",\"contentUrl\":\"https:\\\/\\\/www.bengs-modellbau.de\\\/magazin\\\/wp-content\\\/uploads\\\/2024\\\/01\\\/logo-bengs-ebay-2.jpg\",\"width\":369,\"height\":167,\"caption\":\"Bengs Modellbau Magazin\"},\"image\":{\"@id\":\"https:\\\/\\\/www.bengs-modellbau.de\\\/magazin\\\/#\\\/schema\\\/logo\\\/image\\\/\"}}]}<\/script>\n<!-- \/ Yoast SEO plugin. -->","yoast_head_json":{"title":"Halbbalancier Dampfmaschine Grasshopper - Bengs Modellbau Magazin","description":"Auf dieser Seite des Bengs Modellbaumagazin m\u00f6chten wir Ihnen verschiedene von Kunden gebaute Halbbalancier Dampfmaschinen Grasshopper zeigen.","robots":{"index":"index","follow":"follow","max-snippet":"max-snippet:-1","max-image-preview":"max-image-preview:large","max-video-preview":"max-video-preview:-1"},"canonical":"https:\/\/www.bengs-modellbau.de\/magazin\/kunden-modelle\/dampfmaschine\/halbbalancier-dampfmaschine-grasshopper\/","og_locale":"de_DE","og_type":"article","og_title":"Halbbalancier Dampfmaschine Grasshopper - Bengs Modellbau Magazin","og_description":"Auf dieser Seite des Bengs Modellbaumagazin m\u00f6chten wir Ihnen verschiedene von Kunden gebaute Halbbalancier Dampfmaschinen Grasshopper zeigen.","og_url":"https:\/\/www.bengs-modellbau.de\/magazin\/kunden-modelle\/dampfmaschine\/halbbalancier-dampfmaschine-grasshopper\/","og_site_name":"Bengs Modellbau Magazin","article_modified_time":"2021-02-15T16:18:28+00:00","og_image":[{"url":"https:\/\/www.bengs-modellbau.de\/magazin\/wp-content\/uploads\/2021\/02\/Grashopper-Dampfmaschine-Kundenmodell-1024x815.jpg","type":"","width":"","height":""}],"twitter_card":"summary_large_image","twitter_misc":{"Gesch\u00e4tzte Lesezeit":"2\u00a0Minuten"},"schema":{"@context":"https:\/\/schema.org","@graph":[{"@type":"WebPage","@id":"https:\/\/www.bengs-modellbau.de\/magazin\/kunden-modelle\/dampfmaschine\/halbbalancier-dampfmaschine-grasshopper\/","url":"https:\/\/www.bengs-modellbau.de\/magazin\/kunden-modelle\/dampfmaschine\/halbbalancier-dampfmaschine-grasshopper\/","name":"Halbbalancier Dampfmaschine Grasshopper - Bengs Modellbau Magazin","isPartOf":{"@id":"https:\/\/www.bengs-modellbau.de\/magazin\/#website"},"primaryImageOfPage":{"@id":"https:\/\/www.bengs-modellbau.de\/magazin\/kunden-modelle\/dampfmaschine\/halbbalancier-dampfmaschine-grasshopper\/#primaryimage"},"image":{"@id":"https:\/\/www.bengs-modellbau.de\/magazin\/kunden-modelle\/dampfmaschine\/halbbalancier-dampfmaschine-grasshopper\/#primaryimage"},"thumbnailUrl":"https:\/\/www.bengs-modellbau.de\/magazin\/wp-content\/uploads\/2021\/02\/Grashopper-Dampfmaschine-Kundenmodell-1024x815.jpg","datePublished":"2021-02-15T15:43:18+00:00","dateModified":"2021-02-15T16:18:28+00:00","description":"Auf dieser Seite des Bengs Modellbaumagazin m\u00f6chten wir Ihnen verschiedene von Kunden gebaute Halbbalancier Dampfmaschinen Grasshopper zeigen.","breadcrumb":{"@id":"https:\/\/www.bengs-modellbau.de\/magazin\/kunden-modelle\/dampfmaschine\/halbbalancier-dampfmaschine-grasshopper\/#breadcrumb"},"inLanguage":"de","potentialAction":[{"@type":"ReadAction","target":["https:\/\/www.bengs-modellbau.de\/magazin\/kunden-modelle\/dampfmaschine\/halbbalancier-dampfmaschine-grasshopper\/"]}]},{"@type":"ImageObject","inLanguage":"de","@id":"https:\/\/www.bengs-modellbau.de\/magazin\/kunden-modelle\/dampfmaschine\/halbbalancier-dampfmaschine-grasshopper\/#primaryimage","url":"https:\/\/www.bengs-modellbau.de\/magazin\/wp-content\/uploads\/2021\/02\/Grashopper-Dampfmaschine-Kundenmodell.jpg","contentUrl":"https:\/\/www.bengs-modellbau.de\/magazin\/wp-content\/uploads\/2021\/02\/Grashopper-Dampfmaschine-Kundenmodell.jpg","width":1600,"height":1274},{"@type":"BreadcrumbList","@id":"https:\/\/www.bengs-modellbau.de\/magazin\/kunden-modelle\/dampfmaschine\/halbbalancier-dampfmaschine-grasshopper\/#breadcrumb","itemListElement":[{"@type":"ListItem","position":1,"name":"Startseite","item":"https:\/\/www.bengs-modellbau.de\/magazin\/"},{"@type":"ListItem","position":2,"name":"Kunden Modelle","item":"https:\/\/www.bengs-modellbau.de\/magazin\/kunden-modelle\/"},{"@type":"ListItem","position":3,"name":"Dampfmaschine","item":"https:\/\/www.bengs-modellbau.de\/magazin\/kunden-modelle\/dampfmaschine\/"},{"@type":"ListItem","position":4,"name":"Halbbalancier Dampfmaschine Grasshopper"}]},{"@type":"WebSite","@id":"https:\/\/www.bengs-modellbau.de\/magazin\/#website","url":"https:\/\/www.bengs-modellbau.de\/magazin\/","name":"Bengs Modellbau Magazin","description":"","publisher":{"@id":"https:\/\/www.bengs-modellbau.de\/magazin\/#organization"},"potentialAction":[{"@type":"SearchAction","target":{"@type":"EntryPoint","urlTemplate":"https:\/\/www.bengs-modellbau.de\/magazin\/?s={search_term_string}"},"query-input":{"@type":"PropertyValueSpecification","valueRequired":true,"valueName":"search_term_string"}}],"inLanguage":"de"},{"@type":"Organization","@id":"https:\/\/www.bengs-modellbau.de\/magazin\/#organization","name":"Bengs Modellbau Magazin","url":"https:\/\/www.bengs-modellbau.de\/magazin\/","logo":{"@type":"ImageObject","inLanguage":"de","@id":"https:\/\/www.bengs-modellbau.de\/magazin\/#\/schema\/logo\/image\/","url":"https:\/\/www.bengs-modellbau.de\/magazin\/wp-content\/uploads\/2024\/01\/logo-bengs-ebay-2.jpg","contentUrl":"https:\/\/www.bengs-modellbau.de\/magazin\/wp-content\/uploads\/2024\/01\/logo-bengs-ebay-2.jpg","width":369,"height":167,"caption":"Bengs Modellbau Magazin"},"image":{"@id":"https:\/\/www.bengs-modellbau.de\/magazin\/#\/schema\/logo\/image\/"}}]}},"_links":{"self":[{"href":"https:\/\/www.bengs-modellbau.de\/magazin\/wp-json\/wp\/v2\/pages\/4258","targetHints":{"allow":["GET"]}}],"collection":[{"href":"https:\/\/www.bengs-modellbau.de\/magazin\/wp-json\/wp\/v2\/pages"}],"about":[{"href":"https:\/\/www.bengs-modellbau.de\/magazin\/wp-json\/wp\/v2\/types\/page"}],"author":[{"embeddable":true,"href":"https:\/\/www.bengs-modellbau.de\/magazin\/wp-json\/wp\/v2\/users\/1"}],"replies":[{"embeddable":true,"href":"https:\/\/www.bengs-modellbau.de\/magazin\/wp-json\/wp\/v2\/comments?post=4258"}],"version-history":[{"count":4,"href":"https:\/\/www.bengs-modellbau.de\/magazin\/wp-json\/wp\/v2\/pages\/4258\/revisions"}],"predecessor-version":[{"id":4277,"href":"https:\/\/www.bengs-modellbau.de\/magazin\/wp-json\/wp\/v2\/pages\/4258\/revisions\/4277"}],"up":[{"embeddable":true,"href":"https:\/\/www.bengs-modellbau.de\/magazin\/wp-json\/wp\/v2\/pages\/381"}],"wp:attachment":[{"href":"https:\/\/www.bengs-modellbau.de\/magazin\/wp-json\/wp\/v2\/media?parent=4258"}],"curies":[{"name":"wp","href":"https:\/\/api.w.org\/{rel}","templated":true}]}}