{"id":420,"date":"2011-08-05T14:28:02","date_gmt":"2011-08-05T14:28:02","guid":{"rendered":"http:\/\/www.bengs-modellbau.de\/magazin\/?page_id=420"},"modified":"2025-02-17T17:56:01","modified_gmt":"2025-02-17T15:56:01","slug":"dampfmaschine-laeuft-nicht","status":"publish","type":"page","link":"https:\/\/www.bengs-modellbau.de\/magazin\/fehlersuche-bei-modellbau-maschinen\/dampfmaschine-laeuft-nicht\/","title":{"rendered":"Meine Dampfmaschine l\u00e4uft nicht"},"content":{"rendered":"<p>Haben Sie das Problem das Ihre <a href=\"https:\/\/www.bengs-modellbau.de\/materialbausaetze\/dampfmaschinen\/\">Dampfmaschine<\/a> nicht l\u00e4uft? Dann versuchen wir Ihnen hier auf dieser Seite ein wenig weiter zu helfen. Egal ob Sie eine Dampfmaschine selber bauen oder ob Sie einen Bausatz von Bengs Modellbau in betrieb nehmen wollen, einige Fehler wiederholen sich des \u00f6fteren. Wir wollen versuchen die \u201ebeliebtesten\u201c Fehler hier zu erkl\u00e4ren.<\/p>\n<p>Als ersten Tipp empfehlen wir Ihnen die ersten Probel\u00e4ufe der Dampfmaschine immer mit Druckluft durchzuf\u00fchren. So k\u00f6nnen Sie sich komplett auf die Modellbau Maschine konzentrieren und m\u00fcssen sich nicht auch noch um den Dampfkessel k\u00fcmmern. Au\u00dferdem k\u00f6nnen Sie die Dampfmaschine so gut mit leichtem \u00d6l einlaufen lassen.<\/p>\n<p><a href=\"http:\/\/www.bengs-modellbau.de\/magazin\/wp-content\/uploads\/2011\/08\/IMG_7205-1.jpg\"><img fetchpriority=\"high\" decoding=\"async\" class=\"alignleft size-medium wp-image-907\" title=\"Dampfmaschine Steuerzeit\" src=\"http:\/\/www.bengs-modellbau.de\/magazin\/wp-content\/uploads\/2011\/08\/IMG_7205-1-300x200.jpg\" alt=\"\" width=\"300\" height=\"200\" srcset=\"https:\/\/www.bengs-modellbau.de\/magazin\/wp-content\/uploads\/2011\/08\/IMG_7205-1-300x200.jpg 300w, https:\/\/www.bengs-modellbau.de\/magazin\/wp-content\/uploads\/2011\/08\/IMG_7205-1-1024x685.jpg 1024w, https:\/\/www.bengs-modellbau.de\/magazin\/wp-content\/uploads\/2011\/08\/IMG_7205-1.jpg 1600w\" sizes=\"(max-width: 300px) 100vw, 300px\" \/><\/a>Der Hauptgrund warum eine Dampfmaschine nicht l\u00e4uft ist das die Steuerzeit nicht richtig eingestellt ist. Stellen Sie zuerst die Steuerzeit so ein wie sie im Bauplan oder der Zeichnung beschrieben ist. Dann demontieren Sie die Kolbenstange und geben 0,5bar Pressluft in den Dampfeinlass. Wenn Sie jetzt am Schwungrad der Dampfmaschine drehen sollte sich die Kolbenstange raus oder rein bewegen. Sie k\u00f6nnen so sehr gut feststellen an welchem Punkt die Steuerung von Kolben raus auf Kolben rein umsteuert. Dieser Punkt sollte immer da liegen wo sich die Kurbelwelle entweder auf dem vorderen oder hinteren Totpunkt befindet.<\/p>\n<p>Die Leichtg\u00e4ngigkeit spielt bei einer Modellbaudampfmaschine eine nicht so gro\u00dfe Rolle wie bei einem <a href=\"https:\/\/www.bengs-modellbau.de\/materialbausaetze\/stirlingmotoren\/\">Stirlingmotor<\/a> oder <a href=\"https:\/\/www.bengs-modellbau.de\/materialbausaetze\/flammenfresser\/\">Flammenfresser<\/a>. Nat\u00fcrlich ist es auch nicht unwichtig das die Dampfmaschine leicht l\u00e4uft. Wie bei allen Modellbaumaschinen gilt auch bei der Dampfmaschine: Je leichter sie l\u00e4uft, desto besser funktioniert sie.<\/p>\n<p>&nbsp;<\/p>\n","protected":false},"excerpt":{"rendered":"<p>Haben Sie das Problem das Ihre Dampfmaschine nicht l\u00e4uft? Dann versuchen wir Ihnen hier auf dieser Seite ein wenig weiter zu helfen. Egal ob Sie eine Dampfmaschine selber bauen oder ob Sie einen Bausatz von Bengs Modellbau in betrieb nehmen wollen, einige Fehler wiederholen sich des \u00f6fteren. Wir wollen versuchen die \u201ebeliebtesten\u201c Fehler hier zu [&hellip;]<\/p>\n","protected":false},"author":1,"featured_media":0,"parent":349,"menu_order":0,"comment_status":"closed","ping_status":"closed","template":"","meta":{"footnotes":""},"class_list":["post-420","page","type-page","status-publish","hentry"],"yoast_head":"<!-- This site is optimized with the Yoast SEO plugin v27.4 - https:\/\/yoast.com\/product\/yoast-seo-wordpress\/ -->\n<title>Meine Dampfmaschine l\u00e4uft nicht - Bengs Modellbau Magazin<\/title>\n<meta name=\"robots\" content=\"index, follow, max-snippet:-1, max-image-preview:large, max-video-preview:-1\" \/>\n<link rel=\"canonical\" href=\"https:\/\/www.bengs-modellbau.de\/magazin\/fehlersuche-bei-modellbau-maschinen\/dampfmaschine-laeuft-nicht\/\" \/>\n<meta property=\"og:locale\" content=\"de_DE\" \/>\n<meta property=\"og:type\" content=\"article\" \/>\n<meta property=\"og:title\" content=\"Meine Dampfmaschine l\u00e4uft nicht - Bengs Modellbau Magazin\" \/>\n<meta property=\"og:description\" content=\"Haben Sie das Problem das Ihre Dampfmaschine nicht l\u00e4uft? Dann versuchen wir Ihnen hier auf dieser Seite ein wenig weiter zu helfen. Egal ob Sie eine Dampfmaschine selber bauen oder ob Sie einen Bausatz von Bengs Modellbau in betrieb nehmen wollen, einige Fehler wiederholen sich des \u00f6fteren. Wir wollen versuchen die \u201ebeliebtesten\u201c Fehler hier zu [&hellip;]\" \/>\n<meta property=\"og:url\" content=\"https:\/\/www.bengs-modellbau.de\/magazin\/fehlersuche-bei-modellbau-maschinen\/dampfmaschine-laeuft-nicht\/\" \/>\n<meta property=\"og:site_name\" content=\"Bengs Modellbau Magazin\" \/>\n<meta property=\"article:modified_time\" content=\"2025-02-17T15:56:01+00:00\" \/>\n<meta property=\"og:image\" content=\"https:\/\/www.bengs-modellbau.de\/magazin\/wp-content\/uploads\/2011\/08\/IMG_7205-1.jpg\" \/>\n\t<meta property=\"og:image:width\" content=\"1600\" \/>\n\t<meta property=\"og:image:height\" content=\"1071\" \/>\n\t<meta property=\"og:image:type\" content=\"image\/jpeg\" \/>\n<meta name=\"twitter:card\" content=\"summary_large_image\" \/>\n<meta name=\"twitter:label1\" content=\"Gesch\u00e4tzte Lesezeit\" \/>\n\t<meta name=\"twitter:data1\" content=\"1\u00a0Minute\" \/>\n<script type=\"application\/ld+json\" class=\"yoast-schema-graph\">{\"@context\":\"https:\\\/\\\/schema.org\",\"@graph\":[{\"@type\":\"WebPage\",\"@id\":\"https:\\\/\\\/www.bengs-modellbau.de\\\/magazin\\\/fehlersuche-bei-modellbau-maschinen\\\/dampfmaschine-laeuft-nicht\\\/\",\"url\":\"https:\\\/\\\/www.bengs-modellbau.de\\\/magazin\\\/fehlersuche-bei-modellbau-maschinen\\\/dampfmaschine-laeuft-nicht\\\/\",\"name\":\"Meine Dampfmaschine l\u00e4uft nicht - Bengs Modellbau Magazin\",\"isPartOf\":{\"@id\":\"https:\\\/\\\/www.bengs-modellbau.de\\\/magazin\\\/#website\"},\"primaryImageOfPage\":{\"@id\":\"https:\\\/\\\/www.bengs-modellbau.de\\\/magazin\\\/fehlersuche-bei-modellbau-maschinen\\\/dampfmaschine-laeuft-nicht\\\/#primaryimage\"},\"image\":{\"@id\":\"https:\\\/\\\/www.bengs-modellbau.de\\\/magazin\\\/fehlersuche-bei-modellbau-maschinen\\\/dampfmaschine-laeuft-nicht\\\/#primaryimage\"},\"thumbnailUrl\":\"http:\\\/\\\/www.bengs-modellbau.de\\\/magazin\\\/wp-content\\\/uploads\\\/2011\\\/08\\\/IMG_7205-1-300x200.jpg\",\"datePublished\":\"2011-08-05T14:28:02+00:00\",\"dateModified\":\"2025-02-17T15:56:01+00:00\",\"breadcrumb\":{\"@id\":\"https:\\\/\\\/www.bengs-modellbau.de\\\/magazin\\\/fehlersuche-bei-modellbau-maschinen\\\/dampfmaschine-laeuft-nicht\\\/#breadcrumb\"},\"inLanguage\":\"de\",\"potentialAction\":[{\"@type\":\"ReadAction\",\"target\":[\"https:\\\/\\\/www.bengs-modellbau.de\\\/magazin\\\/fehlersuche-bei-modellbau-maschinen\\\/dampfmaschine-laeuft-nicht\\\/\"]}]},{\"@type\":\"ImageObject\",\"inLanguage\":\"de\",\"@id\":\"https:\\\/\\\/www.bengs-modellbau.de\\\/magazin\\\/fehlersuche-bei-modellbau-maschinen\\\/dampfmaschine-laeuft-nicht\\\/#primaryimage\",\"url\":\"https:\\\/\\\/www.bengs-modellbau.de\\\/magazin\\\/wp-content\\\/uploads\\\/2011\\\/08\\\/IMG_7205-1.jpg\",\"contentUrl\":\"https:\\\/\\\/www.bengs-modellbau.de\\\/magazin\\\/wp-content\\\/uploads\\\/2011\\\/08\\\/IMG_7205-1.jpg\",\"width\":\"1600\",\"height\":\"1071\",\"caption\":\"Steuerzeit einstellen bei einer Dampfmaschine\"},{\"@type\":\"BreadcrumbList\",\"@id\":\"https:\\\/\\\/www.bengs-modellbau.de\\\/magazin\\\/fehlersuche-bei-modellbau-maschinen\\\/dampfmaschine-laeuft-nicht\\\/#breadcrumb\",\"itemListElement\":[{\"@type\":\"ListItem\",\"position\":1,\"name\":\"Startseite\",\"item\":\"https:\\\/\\\/www.bengs-modellbau.de\\\/magazin\\\/\"},{\"@type\":\"ListItem\",\"position\":2,\"name\":\"Fehlersuche bei Modellbau Maschinen\",\"item\":\"https:\\\/\\\/www.bengs-modellbau.de\\\/magazin\\\/fehlersuche-bei-modellbau-maschinen\\\/\"},{\"@type\":\"ListItem\",\"position\":3,\"name\":\"Meine Dampfmaschine l\u00e4uft nicht\"}]},{\"@type\":\"WebSite\",\"@id\":\"https:\\\/\\\/www.bengs-modellbau.de\\\/magazin\\\/#website\",\"url\":\"https:\\\/\\\/www.bengs-modellbau.de\\\/magazin\\\/\",\"name\":\"Bengs Modellbau Magazin\",\"description\":\"\",\"publisher\":{\"@id\":\"https:\\\/\\\/www.bengs-modellbau.de\\\/magazin\\\/#organization\"},\"potentialAction\":[{\"@type\":\"SearchAction\",\"target\":{\"@type\":\"EntryPoint\",\"urlTemplate\":\"https:\\\/\\\/www.bengs-modellbau.de\\\/magazin\\\/?s={search_term_string}\"},\"query-input\":{\"@type\":\"PropertyValueSpecification\",\"valueRequired\":true,\"valueName\":\"search_term_string\"}}],\"inLanguage\":\"de\"},{\"@type\":\"Organization\",\"@id\":\"https:\\\/\\\/www.bengs-modellbau.de\\\/magazin\\\/#organization\",\"name\":\"Bengs Modellbau Magazin\",\"url\":\"https:\\\/\\\/www.bengs-modellbau.de\\\/magazin\\\/\",\"logo\":{\"@type\":\"ImageObject\",\"inLanguage\":\"de\",\"@id\":\"https:\\\/\\\/www.bengs-modellbau.de\\\/magazin\\\/#\\\/schema\\\/logo\\\/image\\\/\",\"url\":\"https:\\\/\\\/www.bengs-modellbau.de\\\/magazin\\\/wp-content\\\/uploads\\\/2024\\\/01\\\/logo-bengs-ebay-2.jpg\",\"contentUrl\":\"https:\\\/\\\/www.bengs-modellbau.de\\\/magazin\\\/wp-content\\\/uploads\\\/2024\\\/01\\\/logo-bengs-ebay-2.jpg\",\"width\":369,\"height\":167,\"caption\":\"Bengs Modellbau Magazin\"},\"image\":{\"@id\":\"https:\\\/\\\/www.bengs-modellbau.de\\\/magazin\\\/#\\\/schema\\\/logo\\\/image\\\/\"}}]}<\/script>\n<!-- \/ Yoast SEO plugin. -->","yoast_head_json":{"title":"Meine Dampfmaschine l\u00e4uft nicht - Bengs Modellbau Magazin","robots":{"index":"index","follow":"follow","max-snippet":"max-snippet:-1","max-image-preview":"max-image-preview:large","max-video-preview":"max-video-preview:-1"},"canonical":"https:\/\/www.bengs-modellbau.de\/magazin\/fehlersuche-bei-modellbau-maschinen\/dampfmaschine-laeuft-nicht\/","og_locale":"de_DE","og_type":"article","og_title":"Meine Dampfmaschine l\u00e4uft nicht - Bengs Modellbau Magazin","og_description":"Haben Sie das Problem das Ihre Dampfmaschine nicht l\u00e4uft? Dann versuchen wir Ihnen hier auf dieser Seite ein wenig weiter zu helfen. Egal ob Sie eine Dampfmaschine selber bauen oder ob Sie einen Bausatz von Bengs Modellbau in betrieb nehmen wollen, einige Fehler wiederholen sich des \u00f6fteren. Wir wollen versuchen die \u201ebeliebtesten\u201c Fehler hier zu [&hellip;]","og_url":"https:\/\/www.bengs-modellbau.de\/magazin\/fehlersuche-bei-modellbau-maschinen\/dampfmaschine-laeuft-nicht\/","og_site_name":"Bengs Modellbau Magazin","article_modified_time":"2025-02-17T15:56:01+00:00","og_image":[{"width":1600,"height":1071,"url":"https:\/\/www.bengs-modellbau.de\/magazin\/wp-content\/uploads\/2011\/08\/IMG_7205-1.jpg","type":"image\/jpeg"}],"twitter_card":"summary_large_image","twitter_misc":{"Gesch\u00e4tzte Lesezeit":"1\u00a0Minute"},"schema":{"@context":"https:\/\/schema.org","@graph":[{"@type":"WebPage","@id":"https:\/\/www.bengs-modellbau.de\/magazin\/fehlersuche-bei-modellbau-maschinen\/dampfmaschine-laeuft-nicht\/","url":"https:\/\/www.bengs-modellbau.de\/magazin\/fehlersuche-bei-modellbau-maschinen\/dampfmaschine-laeuft-nicht\/","name":"Meine Dampfmaschine l\u00e4uft nicht - Bengs Modellbau Magazin","isPartOf":{"@id":"https:\/\/www.bengs-modellbau.de\/magazin\/#website"},"primaryImageOfPage":{"@id":"https:\/\/www.bengs-modellbau.de\/magazin\/fehlersuche-bei-modellbau-maschinen\/dampfmaschine-laeuft-nicht\/#primaryimage"},"image":{"@id":"https:\/\/www.bengs-modellbau.de\/magazin\/fehlersuche-bei-modellbau-maschinen\/dampfmaschine-laeuft-nicht\/#primaryimage"},"thumbnailUrl":"http:\/\/www.bengs-modellbau.de\/magazin\/wp-content\/uploads\/2011\/08\/IMG_7205-1-300x200.jpg","datePublished":"2011-08-05T14:28:02+00:00","dateModified":"2025-02-17T15:56:01+00:00","breadcrumb":{"@id":"https:\/\/www.bengs-modellbau.de\/magazin\/fehlersuche-bei-modellbau-maschinen\/dampfmaschine-laeuft-nicht\/#breadcrumb"},"inLanguage":"de","potentialAction":[{"@type":"ReadAction","target":["https:\/\/www.bengs-modellbau.de\/magazin\/fehlersuche-bei-modellbau-maschinen\/dampfmaschine-laeuft-nicht\/"]}]},{"@type":"ImageObject","inLanguage":"de","@id":"https:\/\/www.bengs-modellbau.de\/magazin\/fehlersuche-bei-modellbau-maschinen\/dampfmaschine-laeuft-nicht\/#primaryimage","url":"https:\/\/www.bengs-modellbau.de\/magazin\/wp-content\/uploads\/2011\/08\/IMG_7205-1.jpg","contentUrl":"https:\/\/www.bengs-modellbau.de\/magazin\/wp-content\/uploads\/2011\/08\/IMG_7205-1.jpg","width":"1600","height":"1071","caption":"Steuerzeit einstellen bei einer Dampfmaschine"},{"@type":"BreadcrumbList","@id":"https:\/\/www.bengs-modellbau.de\/magazin\/fehlersuche-bei-modellbau-maschinen\/dampfmaschine-laeuft-nicht\/#breadcrumb","itemListElement":[{"@type":"ListItem","position":1,"name":"Startseite","item":"https:\/\/www.bengs-modellbau.de\/magazin\/"},{"@type":"ListItem","position":2,"name":"Fehlersuche bei Modellbau Maschinen","item":"https:\/\/www.bengs-modellbau.de\/magazin\/fehlersuche-bei-modellbau-maschinen\/"},{"@type":"ListItem","position":3,"name":"Meine Dampfmaschine l\u00e4uft nicht"}]},{"@type":"WebSite","@id":"https:\/\/www.bengs-modellbau.de\/magazin\/#website","url":"https:\/\/www.bengs-modellbau.de\/magazin\/","name":"Bengs Modellbau Magazin","description":"","publisher":{"@id":"https:\/\/www.bengs-modellbau.de\/magazin\/#organization"},"potentialAction":[{"@type":"SearchAction","target":{"@type":"EntryPoint","urlTemplate":"https:\/\/www.bengs-modellbau.de\/magazin\/?s={search_term_string}"},"query-input":{"@type":"PropertyValueSpecification","valueRequired":true,"valueName":"search_term_string"}}],"inLanguage":"de"},{"@type":"Organization","@id":"https:\/\/www.bengs-modellbau.de\/magazin\/#organization","name":"Bengs Modellbau Magazin","url":"https:\/\/www.bengs-modellbau.de\/magazin\/","logo":{"@type":"ImageObject","inLanguage":"de","@id":"https:\/\/www.bengs-modellbau.de\/magazin\/#\/schema\/logo\/image\/","url":"https:\/\/www.bengs-modellbau.de\/magazin\/wp-content\/uploads\/2024\/01\/logo-bengs-ebay-2.jpg","contentUrl":"https:\/\/www.bengs-modellbau.de\/magazin\/wp-content\/uploads\/2024\/01\/logo-bengs-ebay-2.jpg","width":369,"height":167,"caption":"Bengs Modellbau Magazin"},"image":{"@id":"https:\/\/www.bengs-modellbau.de\/magazin\/#\/schema\/logo\/image\/"}}]}},"_links":{"self":[{"href":"https:\/\/www.bengs-modellbau.de\/magazin\/wp-json\/wp\/v2\/pages\/420","targetHints":{"allow":["GET"]}}],"collection":[{"href":"https:\/\/www.bengs-modellbau.de\/magazin\/wp-json\/wp\/v2\/pages"}],"about":[{"href":"https:\/\/www.bengs-modellbau.de\/magazin\/wp-json\/wp\/v2\/types\/page"}],"author":[{"embeddable":true,"href":"https:\/\/www.bengs-modellbau.de\/magazin\/wp-json\/wp\/v2\/users\/1"}],"replies":[{"embeddable":true,"href":"https:\/\/www.bengs-modellbau.de\/magazin\/wp-json\/wp\/v2\/comments?post=420"}],"version-history":[{"count":8,"href":"https:\/\/www.bengs-modellbau.de\/magazin\/wp-json\/wp\/v2\/pages\/420\/revisions"}],"predecessor-version":[{"id":5398,"href":"https:\/\/www.bengs-modellbau.de\/magazin\/wp-json\/wp\/v2\/pages\/420\/revisions\/5398"}],"up":[{"embeddable":true,"href":"https:\/\/www.bengs-modellbau.de\/magazin\/wp-json\/wp\/v2\/pages\/349"}],"wp:attachment":[{"href":"https:\/\/www.bengs-modellbau.de\/magazin\/wp-json\/wp\/v2\/media?parent=420"}],"curies":[{"name":"wp","href":"https:\/\/api.w.org\/{rel}","templated":true}]}}