{"id":349,"date":"2011-08-02T15:26:24","date_gmt":"2011-08-02T15:26:24","guid":{"rendered":"http:\/\/www.bengs-modellbau.de\/magazin\/?page_id=349"},"modified":"2014-05-09T14:24:55","modified_gmt":"2014-05-09T14:24:55","slug":"fehlersuche-bei-modellbau-maschinen","status":"publish","type":"page","link":"https:\/\/www.bengs-modellbau.de\/magazin\/fehlersuche-bei-modellbau-maschinen\/","title":{"rendered":"Fehlersuche bei Modellbau Maschinen"},"content":{"rendered":"<figure id=\"attachment_751\" aria-describedby=\"caption-attachment-751\" style=\"width: 770px\" class=\"wp-caption aligncenter\"><a href=\"http:\/\/www.bengs-modellbau.de\/magazin\/wp-content\/uploads\/2011\/08\/Flammenfresser-laeuft-nicht.jpg\"><img fetchpriority=\"high\" decoding=\"async\" class=\"size-large wp-image-751\" title=\"Flammenfresser-laeuft-nicht\" src=\"http:\/\/www.bengs-modellbau.de\/magazin\/wp-content\/uploads\/2011\/08\/Flammenfresser-laeuft-nicht-1024x768.jpg\" alt=\"\" width=\"770\" height=\"577\" srcset=\"https:\/\/www.bengs-modellbau.de\/magazin\/wp-content\/uploads\/2011\/08\/Flammenfresser-laeuft-nicht-1024x768.jpg 1024w, https:\/\/www.bengs-modellbau.de\/magazin\/wp-content\/uploads\/2011\/08\/Flammenfresser-laeuft-nicht-300x225.jpg 300w, https:\/\/www.bengs-modellbau.de\/magazin\/wp-content\/uploads\/2011\/08\/Flammenfresser-laeuft-nicht.jpg 1200w\" sizes=\"(max-width: 770px) 100vw, 770px\" \/><\/a><figcaption id=\"caption-attachment-751\" class=\"wp-caption-text\">Problem: Mein Flammenfresser l\u00e4uft nicht \/ L\u00f6sung: Sorgen Sie beim n\u00e4chsten mal f\u00fcr einen sichern Stand<\/figcaption><\/figure>\n<p>Jeder Modellbauer, der sich schon einmal mit dem technischen Modellbau besch\u00e4ftigt hat, kennt das Problem: Man baut einen Flammenfresser, Stirlingmotor oder eine Dampfmaschine, alles wird nach den Anweisungen aus dem Bauplan hergestellt und montiert doch beim ersten Probelauf l\u00e4uft die Maschine nicht oder nur schlecht. Da wir schon mit einigen Kunden telefoniert haben, hat es sich gezeigt, dass bestimmte Probleme und Fehler sehr oft aufgetaucht sind. Wir haben Ihnen hier einmal die Klassiker des technischem Modellbaus zusammengetragen. Die Problemsuche-Hilfen sind nach den Maschinentypen Flammenfresser, Dampfmaschine und Stirlingmotor sortiert.<\/p>\n<p><a href=\"http:\/\/www.bengs-modellbau.de\/magazin\/fehlersuche-bei-modellbau-maschinen\/flammenfresser-laeuft-nicht\/\">Mein Flammenfresser l\u00e4uft nicht<\/a><\/p>\n<p><a href=\"http:\/\/www.bengs-modellbau.de\/magazin\/fehlersuche-bei-modellbau-maschinen\/stirlingmotor-laeuft-nicht\/\">Mein Stirlingmotor l\u00e4uft nicht<\/a><\/p>\n<p><a href=\"http:\/\/www.bengs-modellbau.de\/magazin\/fehlersuche-bei-modellbau-maschinen\/dampfmaschine-laeuft-nicht\/\">Meine Dampfmaschine l\u00e4uft nicht<\/a><\/p>\n<p>&nbsp;<\/p>\n<p>&nbsp;<\/p>\n","protected":false},"excerpt":{"rendered":"<p>Jeder Modellbauer, der sich schon einmal mit dem technischen Modellbau besch\u00e4ftigt hat, kennt das Problem: Man baut einen Flammenfresser, Stirlingmotor oder eine Dampfmaschine, alles wird nach den Anweisungen aus dem Bauplan hergestellt und montiert doch beim ersten Probelauf l\u00e4uft die Maschine nicht oder nur schlecht. Da wir schon mit einigen Kunden telefoniert haben, hat es [&hellip;]<\/p>\n","protected":false},"author":1,"featured_media":0,"parent":0,"menu_order":0,"comment_status":"closed","ping_status":"closed","template":"","meta":{"footnotes":""},"class_list":["post-349","page","type-page","status-publish","hentry"],"yoast_head":"<!-- This site is optimized with the Yoast SEO plugin v27.2 - https:\/\/yoast.com\/product\/yoast-seo-wordpress\/ -->\n<title>Fehlersuche bei Modellbau Maschinen - Bengs Modellbau Magazin<\/title>\n<meta name=\"robots\" content=\"index, follow, max-snippet:-1, max-image-preview:large, max-video-preview:-1\" \/>\n<link rel=\"canonical\" href=\"https:\/\/www.bengs-modellbau.de\/magazin\/fehlersuche-bei-modellbau-maschinen\/\" \/>\n<meta property=\"og:locale\" content=\"de_DE\" \/>\n<meta property=\"og:type\" content=\"article\" \/>\n<meta property=\"og:title\" content=\"Fehlersuche bei Modellbau Maschinen - Bengs Modellbau Magazin\" \/>\n<meta property=\"og:description\" content=\"Jeder Modellbauer, der sich schon einmal mit dem technischen Modellbau besch\u00e4ftigt hat, kennt das Problem: Man baut einen Flammenfresser, Stirlingmotor oder eine Dampfmaschine, alles wird nach den Anweisungen aus dem Bauplan hergestellt und montiert doch beim ersten Probelauf l\u00e4uft die Maschine nicht oder nur schlecht. Da wir schon mit einigen Kunden telefoniert haben, hat es [&hellip;]\" \/>\n<meta property=\"og:url\" content=\"https:\/\/www.bengs-modellbau.de\/magazin\/fehlersuche-bei-modellbau-maschinen\/\" \/>\n<meta property=\"og:site_name\" content=\"Bengs Modellbau Magazin\" \/>\n<meta property=\"article:modified_time\" content=\"2014-05-09T14:24:55+00:00\" \/>\n<meta property=\"og:image\" content=\"http:\/\/www.bengs-modellbau.de\/magazin\/wp-content\/uploads\/2011\/08\/Flammenfresser-laeuft-nicht-1024x768.jpg\" \/>\n<meta name=\"twitter:card\" content=\"summary_large_image\" \/>\n<meta name=\"twitter:label1\" content=\"Gesch\u00e4tzte Lesezeit\" \/>\n\t<meta name=\"twitter:data1\" content=\"1\u00a0Minute\" \/>\n<script type=\"application\/ld+json\" class=\"yoast-schema-graph\">{\"@context\":\"https:\/\/schema.org\",\"@graph\":[{\"@type\":\"WebPage\",\"@id\":\"https:\/\/www.bengs-modellbau.de\/magazin\/fehlersuche-bei-modellbau-maschinen\/\",\"url\":\"https:\/\/www.bengs-modellbau.de\/magazin\/fehlersuche-bei-modellbau-maschinen\/\",\"name\":\"Fehlersuche bei Modellbau Maschinen - Bengs Modellbau Magazin\",\"isPartOf\":{\"@id\":\"https:\/\/www.bengs-modellbau.de\/magazin\/#website\"},\"primaryImageOfPage\":{\"@id\":\"https:\/\/www.bengs-modellbau.de\/magazin\/fehlersuche-bei-modellbau-maschinen\/#primaryimage\"},\"image\":{\"@id\":\"https:\/\/www.bengs-modellbau.de\/magazin\/fehlersuche-bei-modellbau-maschinen\/#primaryimage\"},\"thumbnailUrl\":\"http:\/\/www.bengs-modellbau.de\/magazin\/wp-content\/uploads\/2011\/08\/Flammenfresser-laeuft-nicht-1024x768.jpg\",\"datePublished\":\"2011-08-02T15:26:24+00:00\",\"dateModified\":\"2014-05-09T14:24:55+00:00\",\"breadcrumb\":{\"@id\":\"https:\/\/www.bengs-modellbau.de\/magazin\/fehlersuche-bei-modellbau-maschinen\/#breadcrumb\"},\"inLanguage\":\"de\",\"potentialAction\":[{\"@type\":\"ReadAction\",\"target\":[\"https:\/\/www.bengs-modellbau.de\/magazin\/fehlersuche-bei-modellbau-maschinen\/\"]}]},{\"@type\":\"ImageObject\",\"inLanguage\":\"de\",\"@id\":\"https:\/\/www.bengs-modellbau.de\/magazin\/fehlersuche-bei-modellbau-maschinen\/#primaryimage\",\"url\":\"https:\/\/www.bengs-modellbau.de\/magazin\/wp-content\/uploads\/2011\/08\/Flammenfresser-laeuft-nicht.jpg\",\"contentUrl\":\"https:\/\/www.bengs-modellbau.de\/magazin\/wp-content\/uploads\/2011\/08\/Flammenfresser-laeuft-nicht.jpg\",\"width\":\"1200\",\"height\":\"900\",\"caption\":\"Problem: Mein Flammenfresser l\u00e4uft nicht \/ L\u00f6sung: Sorgen Sie beim n\u00e4chsten mal f\u00fcr einen sichern Stand\"},{\"@type\":\"BreadcrumbList\",\"@id\":\"https:\/\/www.bengs-modellbau.de\/magazin\/fehlersuche-bei-modellbau-maschinen\/#breadcrumb\",\"itemListElement\":[{\"@type\":\"ListItem\",\"position\":1,\"name\":\"Startseite\",\"item\":\"https:\/\/www.bengs-modellbau.de\/magazin\/\"},{\"@type\":\"ListItem\",\"position\":2,\"name\":\"Fehlersuche bei Modellbau Maschinen\"}]},{\"@type\":\"WebSite\",\"@id\":\"https:\/\/www.bengs-modellbau.de\/magazin\/#website\",\"url\":\"https:\/\/www.bengs-modellbau.de\/magazin\/\",\"name\":\"Bengs Modellbau Magazin\",\"description\":\"\",\"publisher\":{\"@id\":\"https:\/\/www.bengs-modellbau.de\/magazin\/#organization\"},\"potentialAction\":[{\"@type\":\"SearchAction\",\"target\":{\"@type\":\"EntryPoint\",\"urlTemplate\":\"https:\/\/www.bengs-modellbau.de\/magazin\/?s={search_term_string}\"},\"query-input\":{\"@type\":\"PropertyValueSpecification\",\"valueRequired\":true,\"valueName\":\"search_term_string\"}}],\"inLanguage\":\"de\"},{\"@type\":\"Organization\",\"@id\":\"https:\/\/www.bengs-modellbau.de\/magazin\/#organization\",\"name\":\"Bengs Modellbau Magazin\",\"url\":\"https:\/\/www.bengs-modellbau.de\/magazin\/\",\"logo\":{\"@type\":\"ImageObject\",\"inLanguage\":\"de\",\"@id\":\"https:\/\/www.bengs-modellbau.de\/magazin\/#\/schema\/logo\/image\/\",\"url\":\"https:\/\/www.bengs-modellbau.de\/magazin\/wp-content\/uploads\/2024\/01\/logo-bengs-ebay-2.jpg\",\"contentUrl\":\"https:\/\/www.bengs-modellbau.de\/magazin\/wp-content\/uploads\/2024\/01\/logo-bengs-ebay-2.jpg\",\"width\":369,\"height\":167,\"caption\":\"Bengs Modellbau Magazin\"},\"image\":{\"@id\":\"https:\/\/www.bengs-modellbau.de\/magazin\/#\/schema\/logo\/image\/\"}}]}<\/script>\n<!-- \/ Yoast SEO plugin. -->","yoast_head_json":{"title":"Fehlersuche bei Modellbau Maschinen - Bengs Modellbau Magazin","robots":{"index":"index","follow":"follow","max-snippet":"max-snippet:-1","max-image-preview":"max-image-preview:large","max-video-preview":"max-video-preview:-1"},"canonical":"https:\/\/www.bengs-modellbau.de\/magazin\/fehlersuche-bei-modellbau-maschinen\/","og_locale":"de_DE","og_type":"article","og_title":"Fehlersuche bei Modellbau Maschinen - Bengs Modellbau Magazin","og_description":"Jeder Modellbauer, der sich schon einmal mit dem technischen Modellbau besch\u00e4ftigt hat, kennt das Problem: Man baut einen Flammenfresser, Stirlingmotor oder eine Dampfmaschine, alles wird nach den Anweisungen aus dem Bauplan hergestellt und montiert doch beim ersten Probelauf l\u00e4uft die Maschine nicht oder nur schlecht. Da wir schon mit einigen Kunden telefoniert haben, hat es [&hellip;]","og_url":"https:\/\/www.bengs-modellbau.de\/magazin\/fehlersuche-bei-modellbau-maschinen\/","og_site_name":"Bengs Modellbau Magazin","article_modified_time":"2014-05-09T14:24:55+00:00","og_image":[{"url":"http:\/\/www.bengs-modellbau.de\/magazin\/wp-content\/uploads\/2011\/08\/Flammenfresser-laeuft-nicht-1024x768.jpg","type":"","width":"","height":""}],"twitter_card":"summary_large_image","twitter_misc":{"Gesch\u00e4tzte Lesezeit":"1\u00a0Minute"},"schema":{"@context":"https:\/\/schema.org","@graph":[{"@type":"WebPage","@id":"https:\/\/www.bengs-modellbau.de\/magazin\/fehlersuche-bei-modellbau-maschinen\/","url":"https:\/\/www.bengs-modellbau.de\/magazin\/fehlersuche-bei-modellbau-maschinen\/","name":"Fehlersuche bei Modellbau Maschinen - Bengs Modellbau Magazin","isPartOf":{"@id":"https:\/\/www.bengs-modellbau.de\/magazin\/#website"},"primaryImageOfPage":{"@id":"https:\/\/www.bengs-modellbau.de\/magazin\/fehlersuche-bei-modellbau-maschinen\/#primaryimage"},"image":{"@id":"https:\/\/www.bengs-modellbau.de\/magazin\/fehlersuche-bei-modellbau-maschinen\/#primaryimage"},"thumbnailUrl":"http:\/\/www.bengs-modellbau.de\/magazin\/wp-content\/uploads\/2011\/08\/Flammenfresser-laeuft-nicht-1024x768.jpg","datePublished":"2011-08-02T15:26:24+00:00","dateModified":"2014-05-09T14:24:55+00:00","breadcrumb":{"@id":"https:\/\/www.bengs-modellbau.de\/magazin\/fehlersuche-bei-modellbau-maschinen\/#breadcrumb"},"inLanguage":"de","potentialAction":[{"@type":"ReadAction","target":["https:\/\/www.bengs-modellbau.de\/magazin\/fehlersuche-bei-modellbau-maschinen\/"]}]},{"@type":"ImageObject","inLanguage":"de","@id":"https:\/\/www.bengs-modellbau.de\/magazin\/fehlersuche-bei-modellbau-maschinen\/#primaryimage","url":"https:\/\/www.bengs-modellbau.de\/magazin\/wp-content\/uploads\/2011\/08\/Flammenfresser-laeuft-nicht.jpg","contentUrl":"https:\/\/www.bengs-modellbau.de\/magazin\/wp-content\/uploads\/2011\/08\/Flammenfresser-laeuft-nicht.jpg","width":"1200","height":"900","caption":"Problem: Mein Flammenfresser l\u00e4uft nicht \/ L\u00f6sung: Sorgen Sie beim n\u00e4chsten mal f\u00fcr einen sichern Stand"},{"@type":"BreadcrumbList","@id":"https:\/\/www.bengs-modellbau.de\/magazin\/fehlersuche-bei-modellbau-maschinen\/#breadcrumb","itemListElement":[{"@type":"ListItem","position":1,"name":"Startseite","item":"https:\/\/www.bengs-modellbau.de\/magazin\/"},{"@type":"ListItem","position":2,"name":"Fehlersuche bei Modellbau Maschinen"}]},{"@type":"WebSite","@id":"https:\/\/www.bengs-modellbau.de\/magazin\/#website","url":"https:\/\/www.bengs-modellbau.de\/magazin\/","name":"Bengs Modellbau Magazin","description":"","publisher":{"@id":"https:\/\/www.bengs-modellbau.de\/magazin\/#organization"},"potentialAction":[{"@type":"SearchAction","target":{"@type":"EntryPoint","urlTemplate":"https:\/\/www.bengs-modellbau.de\/magazin\/?s={search_term_string}"},"query-input":{"@type":"PropertyValueSpecification","valueRequired":true,"valueName":"search_term_string"}}],"inLanguage":"de"},{"@type":"Organization","@id":"https:\/\/www.bengs-modellbau.de\/magazin\/#organization","name":"Bengs Modellbau Magazin","url":"https:\/\/www.bengs-modellbau.de\/magazin\/","logo":{"@type":"ImageObject","inLanguage":"de","@id":"https:\/\/www.bengs-modellbau.de\/magazin\/#\/schema\/logo\/image\/","url":"https:\/\/www.bengs-modellbau.de\/magazin\/wp-content\/uploads\/2024\/01\/logo-bengs-ebay-2.jpg","contentUrl":"https:\/\/www.bengs-modellbau.de\/magazin\/wp-content\/uploads\/2024\/01\/logo-bengs-ebay-2.jpg","width":369,"height":167,"caption":"Bengs Modellbau Magazin"},"image":{"@id":"https:\/\/www.bengs-modellbau.de\/magazin\/#\/schema\/logo\/image\/"}}]}},"_links":{"self":[{"href":"https:\/\/www.bengs-modellbau.de\/magazin\/wp-json\/wp\/v2\/pages\/349","targetHints":{"allow":["GET"]}}],"collection":[{"href":"https:\/\/www.bengs-modellbau.de\/magazin\/wp-json\/wp\/v2\/pages"}],"about":[{"href":"https:\/\/www.bengs-modellbau.de\/magazin\/wp-json\/wp\/v2\/types\/page"}],"author":[{"embeddable":true,"href":"https:\/\/www.bengs-modellbau.de\/magazin\/wp-json\/wp\/v2\/users\/1"}],"replies":[{"embeddable":true,"href":"https:\/\/www.bengs-modellbau.de\/magazin\/wp-json\/wp\/v2\/comments?post=349"}],"version-history":[{"count":6,"href":"https:\/\/www.bengs-modellbau.de\/magazin\/wp-json\/wp\/v2\/pages\/349\/revisions"}],"predecessor-version":[{"id":1845,"href":"https:\/\/www.bengs-modellbau.de\/magazin\/wp-json\/wp\/v2\/pages\/349\/revisions\/1845"}],"wp:attachment":[{"href":"https:\/\/www.bengs-modellbau.de\/magazin\/wp-json\/wp\/v2\/media?parent=349"}],"curies":[{"name":"wp","href":"https:\/\/api.w.org\/{rel}","templated":true}]}}