{"id":1520,"date":"2013-08-22T09:00:08","date_gmt":"2013-08-22T09:00:08","guid":{"rendered":"http:\/\/www.bengs-modellbau.de\/magazin\/?page_id=1520"},"modified":"2024-03-30T09:26:17","modified_gmt":"2024-03-30T07:26:17","slug":"selbst-pulverbeschichten-so-machen-sie-ihre-pulverbeschichtung-selber","status":"publish","type":"page","link":"https:\/\/www.bengs-modellbau.de\/magazin\/selbst-pulverbeschichten-so-machen-sie-ihre-pulverbeschichtung-selber\/","title":{"rendered":"Selbst pulverbeschichten? So machen Sie Ihre Pulverbeschichtung selber!"},"content":{"rendered":"<p>Sie m\u00f6chten einen Bauteil Selbst pulverbeschichten und Ihnen fehlt das passende Pulverbeschichtungsger\u00e4t daf\u00fcr?<\/p>\r\n<p>Lange Zeit gab es daf\u00fcr keine L\u00f6sung wenn man selber etwas mit Pulver beschichten wollte. Wir von Bengs Modellbau freuen uns Ihnen das Pulverbeschichtungsger\u00e4t von Bengs Modellbau vorstellen zu d\u00fcrfen. Die Pulverpistole ist die optimale L\u00f6sung f\u00fcr kleine und mittelgro\u00dfe Teile. Pulverbeschichten bietet viele Vorteile, es ist \u00e4u\u00dferst robust und langlebig, bietet einen optimalen Korrosionsschutz, und es ist ohne gro\u00dfe Trockenzeit sofort einsatzbereit. Sie k\u00f6nnen bei uns eine Auswahl Beschichtungspulvern in verschiedenen RAL Farben bekommen. Die Gr\u00f6\u00dfe der zum beschichtenden Teile ist eigentlich nur durch die Gr\u00f6\u00dfe Ihres Backofens in dem der <a title=\"Beschichtungspulver im Bengs Modellbau Shop\" href=\"https:\/\/www.bengs-modellbau.de\/Beschichtungspulver-RAL-Farben\/330000\">Pulverlack<\/a> mit dem Bauteil verbunden wird begrenzt. Dieses Pulverbeschichtung Ger\u00e4t arbeitet mit dem Tribo Verfahren somit ist es auch m\u00f6glich Bauteile zu beschichten die nicht elektrisch leitend sind. Das Pulverbeschichtungsger\u00e4t ist optimal geeignet f\u00fcr den Modellbau, Oldtimer, Motorradteile, Kleinserien und vieles mehr .<\/p>\r\n<h2>2 verschiedene Pulverbeschichtungsger\u00e4te zur Auswahl<\/h2>\r\n<p>Wir haben 2 verschiedene Pulverbeschichtungssysteme je nach Anwendungsgebiet zur Auswahl. Dabei handelt es sich um ein g\u00fcnstiges aber funktionierendes Ger\u00e4t f\u00fcr die gelegentliche Benutzung im Hobbybereich und um ein Pulverbeschichtungsger\u00e4t f\u00fcr den ambitionierten Heimwerker oder f\u00fcr die gewerbliche Nutzung.<\/p>\r\n<h4>Bengs Modellbau Pulverbeschichtungspistole<\/h4>\r\n<p>g\u00fcnstiger Einstieg in die Pulverbeschichtung. Das Ger\u00e4t eignet sich f\u00fcr die Anwendung im Hobbybereich mit dem 250 ml Pulverbeh\u00e4lter, sowohl kleine als auch mittlere Bauteile pulverbeschichten.<\/p>\r\n<h4>Beschichtungsger\u00e4t Power Coat 4 Pro<\/h4>\r\n<p>Pulverbeschichtungsger\u00e4t f\u00fcr h\u00f6here Anspr\u00fcche. Sehr stabiles Ger\u00e4t mit einem 500 ml Pulverbeh\u00e4lter zum Beschichten von kleinen bis gro\u00dfen Teilen. Inklusive Druckminderer und Wasserabscheider. Dieses Ger\u00e4t wird in einem stabilen Kunststoffkoffer geliefert.<\/p>\r\n<p><a href=\"https:\/\/www.bengs-modellbau.de\/werkzeug\/pulverbeschichten\/pulverpistole-pulverbeschichtungssystem\"><img fetchpriority=\"high\" decoding=\"async\" class=\"alignleft wp-image-3489 size-full\" src=\"https:\/\/www.bengs-modellbau.de\/magazin\/wp-content\/uploads\/2018\/11\/Pulverbeschichten-pistole-bengs.jpg\" alt=\"Pulverbeschichtung im Shop kaufen\" width=\"362\" height=\"282\" srcset=\"https:\/\/www.bengs-modellbau.de\/magazin\/wp-content\/uploads\/2018\/11\/Pulverbeschichten-pistole-bengs.jpg 362w, https:\/\/www.bengs-modellbau.de\/magazin\/wp-content\/uploads\/2018\/11\/Pulverbeschichten-pistole-bengs-300x234.jpg 300w, https:\/\/www.bengs-modellbau.de\/magazin\/wp-content\/uploads\/2018\/11\/Pulverbeschichten-pistole-bengs-154x120.jpg 154w, https:\/\/www.bengs-modellbau.de\/magazin\/wp-content\/uploads\/2018\/11\/Pulverbeschichten-pistole-bengs-231x180.jpg 231w, https:\/\/www.bengs-modellbau.de\/magazin\/wp-content\/uploads\/2018\/11\/Pulverbeschichten-pistole-bengs-344x268.jpg 344w\" sizes=\"(max-width: 362px) 100vw, 362px\" \/><\/a>\u00a0<a href=\"https:\/\/www.bengs-modellbau.de\/werkzeug\/pulverbeschichten\/pulverbeschichtungsgeraet-power-coat-4-pro\"><img decoding=\"async\" class=\"alignright wp-image-3716 size-full\" src=\"https:\/\/www.bengs-modellbau.de\/magazin\/wp-content\/uploads\/2019\/07\/Power-coat-pulverpistole-2.jpg\" alt=\"Pulverbeschichtungsgeraet fuer Profis\" width=\"365\" height=\"283\" srcset=\"https:\/\/www.bengs-modellbau.de\/magazin\/wp-content\/uploads\/2019\/07\/Power-coat-pulverpistole-2.jpg 365w, https:\/\/www.bengs-modellbau.de\/magazin\/wp-content\/uploads\/2019\/07\/Power-coat-pulverpistole-2-300x233.jpg 300w, https:\/\/www.bengs-modellbau.de\/magazin\/wp-content\/uploads\/2019\/07\/Power-coat-pulverpistole-2-155x120.jpg 155w, https:\/\/www.bengs-modellbau.de\/magazin\/wp-content\/uploads\/2019\/07\/Power-coat-pulverpistole-2-232x180.jpg 232w, https:\/\/www.bengs-modellbau.de\/magazin\/wp-content\/uploads\/2019\/07\/Power-coat-pulverpistole-2-346x268.jpg 346w\" sizes=\"(max-width: 365px) 100vw, 365px\" \/><\/a>Beide Pulverpistolen sind sehr handlich, lassen sich komplett in ihre Einzelteile demontieren und sich somit sehr komfortabel reinigen. Diese Eigenschaft macht die Farbwechsel bei diesem Pulverbeschichtungssystem noch komfortabler. Sie ben\u00f6tigen zum Reinigen lediglich Druckluft. In wenigen Minuten ist die Pulverpistole gereinigt und bereits f\u00fcr eine andere Farbe.\u00a0Alternativ k\u00f6nnen Sie den Pulverlack auch einfach im Pulverbeh\u00e4lter lassen und mit dem beiliegenden Deckel verschlie\u00dfen. Sie bekommen bei uns im Onlineshop <a href=\"https:\/\/www.bengs-modellbau.de\/Ersatzpulverbehaelter-fuer-Power-Coat-4-PRO\/3315\">Ersatzbeh\u00e4lter <\/a>f\u00fcr das \u00a0Pulverbeschichtungssystem und k\u00f6nnen dadurch noch schneller die Farben wechseln. das ist ein weiterer bedeutender Vorteil gegen\u00fcber dem lackieren mit Fl\u00fcssiglacken.<\/p>\r\n<p>Weitere Details entnehmen Sie bitte der Artikelbeschreibung in unserem Shop auf unserer Website.<\/p>\r\n<p>Die Bauteile die Sie pulverbeschichten m\u00f6chten sollten sauber und unbedingt fettfrei sein. Besonders bei Grundlochbohrungen muss die Reinigung sehr sorgf\u00e4ltig sein wenn sich in den Bohrungen noch etwas Fett oder \u00d6l befindet h\u00e4lt der Pulverlack um die Bohrung nicht sehr gut. Auch wenn Ihr Bauteil sehr grob gesandgestrahlt ist brauchen Sie es vorher nicht mit F\u00fcller zu bearbeiten. Da beim pulverbeschichten die Schichtdicke relativ hoch ist entsteht trotzdem eine gerade glatte Oberfl\u00e4che.<\/p>\r\n<p>Bevor Sie loslegen sollten Sie Ihr Bauteil zur Probe in den Backofen h\u00e4ngen ob der zur Verf\u00fcgung stehende Platz ausreicht. Ist das erledigt f\u00fcllen Sie den gew\u00fcnschten Farbton in den Pulverbeh\u00e4lter des Pulverbeschichtungsger\u00e4ts. Beim Pulver m\u00fcssen Sie nur darauf achten dass an alle Stellen gen\u00fcgend Beschichtungspulver gelangt. Sobald gen\u00fcgend Pulver auf dem Werkst\u00fcck ist h\u00e4ngen Sie es bei 180\u00b0 in den Backofen. Die genauen Einbrennzeit finden Sie auf der Verpackung des Beschichtungspulvers. Dabei ist es besonders wichtig dass die Einbrennzeit erst ab dem Zeitpunkt beginnt wenn das Pulver anf\u00e4ngt zu gl\u00e4nzen. Erst dann ist das Bauteil gen\u00fcgend durchgeheizt damit das Beschichtungspulver in die Poren des Werkst\u00fccks eindringen kann.<\/p>\r\n<p>Die Einbrennzeit k\u00f6nnen Sie dazu nutzen das Pulverbeschichtungsger\u00e4t zu reinigen. Unsere Pulverpistole l\u00e4sst sich komplett in alle Einzelteile zerlegen und sehr einfach reinigen. Anschlie\u00dfend wird das Pulverbeschichtungsger\u00e4t wieder zusammengesetzt und ist entweder f\u00fcr die n\u00e4chste Farbe bereit oder kann so auf den n\u00e4chsten Einsatz warten.<\/p>\r\n<p>Nachdem die Einbrennzeit abgelaufen ist ben\u00f6tigt das Bauteil noch ein wenig Zeit um auf Zimmertemperatur abzuk\u00fchlen. Zu diesem Zeitpunkt ist die Pulverbeschichtung schon voll belastbar und das Bauteil kann sofort montiert werden.<\/p>\r\n<h2>Das machen unsere Kunden damit:<\/h2>\r\n<ul>\r\n<li>Motorad Rahmen<\/li>\r\n<li>Oldtimer Teile<\/li>\r\n<li>Geh\u00e4use f\u00fcr Messger\u00e4te<\/li>\r\n<li>Dampfmaschine\u00a0 Teile<\/li>\r\n<li><a href=\"https:\/\/www.bengs-modellbau.de\/magazin\/3501-alufelgen-pulverbeschichten-mit-dem-bengs-pulverbeschichtungsgeraet\/\">Alufelgen pulverbeschichten<\/a><\/li>\r\n<\/ul>\r\n<h2>Selbst pulverbeschichten? So machen Sie Ihre Pulverbeschichtung selber!<\/h2>\r\n<p>Viele Gewerbebetriebe nutzen mittlerweile ebenfalls zum selbst pulverbeschichten das Pulverbeschichtungssystem. Prototypen und Kleinserien k\u00f6nnen so ohne schnell und ohne lange Wartezeit pulverbeschichtet werden. Auch zum ausbessern bereits pulverbeschichteter der Bauteile eignet sich das \u00a0System hervorragend. Diese Pulverbeschichtungsanlage ist sowohl bei Manufakturen, kleinen Betrieben, Handwerkern und Modellbauern sehr beliebt.\u00a0 F\u00fcr die gewerbliche Nutzung oder auch f\u00fcr gr\u00f6\u00dfere Bauteile empfehlen wir das <a href=\"https:\/\/www.bengs-modellbau.de\/Pulverbeschichtungsgeraet-Power-Coat-4-PRO\/3314\">Beschichtungsger\u00e4t Power Coat 4 Pro<\/a>. Man kann sogar mit unser Pulverpistole Alufelgen pulverbeschichten. Dazu ben\u00f6tigt man nur einen ein Brennofen der gro\u00df genug ist um eine Alufelge aufzunehmen. Einen umfangreichen Beitrag zum Thema <a href=\"https:\/\/www.bengs-modellbau.de\/magazin\/3501-alufelgen-pulverbeschichten-mit-dem-bengs-pulverbeschichtungsgeraet\/\">Alufelgen pulverbeschichten<\/a> finden Sie hier.<\/p>\r\n<h2>Was brauche ich zum pulverbeschichten<\/h2>\r\n<p>Zum pulverbeschichten ben\u00f6tigen Sie nur eine <a href=\"https:\/\/www.bengs-modellbau.de\/Pulverpistole-Pulverbeschichtungssystem\/33003\">Pulverbeschichtungspistole<\/a>, einen Kompressor, <a href=\"https:\/\/www.bengs-modellbau.de\/Beschichtungspulver-RAL-Farben\/330000\">Beschichtungspulver <\/a>und einen geeigneten Arbeitsplatz. Das Pulverbeschichtungsger\u00e4t verbraucht nur sehr wenig Druckluft darum reicht ein kleiner Kompressor vollkommen aus. Der Arbeitsplatz sollte sauber und gut bel\u00fcftet sein auf jeden Fall sollten Sie eine FFP2 Schutzmaske tragen um ihre Atemwege vor dem feinen Kunststoffpulver zu sch\u00fctzen.<\/p>\r\n<ul>\r\n<li>Pulverbeschichtungspistole<\/li>\r\n<li>Kompressor<\/li>\r\n<li>Beschichtungspulver<\/li>\r\n<li>FFP2 Schutzmaske<\/li>\r\n<\/ul>\r\n<p>Mit diesem Link \u00a0gelangen Sie zur <a href=\"https:\/\/www.bengs-modellbau.de\/Werkzeug\/Pulverbeschichten\/\">Bengs Modellbau Pulverbeschichtung Shopseite<\/a> unserer Website.<\/p>\r\n<figure id=\"attachment_2952\" aria-describedby=\"caption-attachment-2952\" style=\"width: 770px\" class=\"wp-caption alignnone\"><a href=\"http:\/\/www.bengs-modellbau.de\/magazin\/wp-content\/uploads\/2013\/08\/selber-pulverbschichten-nordicpulver.jpg\"><img decoding=\"async\" class=\"wp-image-2952 size-large\" src=\"http:\/\/www.bengs-modellbau.de\/magazin\/wp-content\/uploads\/2013\/08\/selber-pulverbschichten-nordicpulver-1024x683.jpg\" alt=\"Selbst pulverbeschichten nordicpulver\" width=\"770\" height=\"514\" srcset=\"https:\/\/www.bengs-modellbau.de\/magazin\/wp-content\/uploads\/2013\/08\/selber-pulverbschichten-nordicpulver-1024x683.jpg 1024w, https:\/\/www.bengs-modellbau.de\/magazin\/wp-content\/uploads\/2013\/08\/selber-pulverbschichten-nordicpulver-300x200.jpg 300w, https:\/\/www.bengs-modellbau.de\/magazin\/wp-content\/uploads\/2013\/08\/selber-pulverbschichten-nordicpulver-160x107.jpg 160w, https:\/\/www.bengs-modellbau.de\/magazin\/wp-content\/uploads\/2013\/08\/selber-pulverbschichten-nordicpulver-260x173.jpg 260w, https:\/\/www.bengs-modellbau.de\/magazin\/wp-content\/uploads\/2013\/08\/selber-pulverbschichten-nordicpulver-360x240.jpg 360w, https:\/\/www.bengs-modellbau.de\/magazin\/wp-content\/uploads\/2013\/08\/selber-pulverbschichten-nordicpulver.jpg 1200w\" sizes=\"(max-width: 770px) 100vw, 770px\" \/><\/a><figcaption id=\"caption-attachment-2952\" class=\"wp-caption-text\">Mit dem Pulverbeschichtungsger\u00e4t von Bengs Modellbau k\u00f6nnen Sie bequem selber Bauteile pulverbeschichten.<\/figcaption><\/figure>\r\n<h3>Selbst pulverbeschichten mit Pulverbeschichtungsger\u00e4t<\/h3>\r\n<p>In diesem Video sehen Sie genau den Ablauf wie sie mit dem Pulverbeschichtungsger\u00e4t selbst pulverbeschichten k\u00f6nnen. Innerhalb k\u00fcrzester Zeit haben sie mit dieser Pulverbeschichtungspistole ein tolles Ergebnis auf Profiniveau.<\/p>\r\n<p>&nbsp;<\/p>\r\n\r\n<h3 class=\"wp-block-heading\">Bengs Modellbau Pulverbeschichtungspistole<\/h3>\r\n\r\n\r\n\r\n<figure class=\"wp-block-embed-youtube wp-block-embed is-type-video is-provider-youtube wp-embed-aspect-16-9 wp-has-aspect-ratio\">\r\n<div class=\"wp-block-embed__wrapper\">https:\/\/www.youtube.com\/watch?v=-DIUPVqcF0o&amp;<\/div>\r\n<\/figure>\r\n\r\n\r\n\r\n<h2 class=\"wp-block-heading\">Beschichtungsger\u00e4t Power Coat 4 Pro<\/h2>\r\n\r\n\r\n\r\n<figure class=\"wp-block-embed-youtube wp-block-embed is-type-video is-provider-youtube wp-embed-aspect-16-9 wp-has-aspect-ratio\">\r\n<div class=\"wp-block-embed__wrapper\">https:\/\/www.youtube.com\/watch?v=hH5p_IqJr48&amp;feature=youtu.be<\/div>\r\n<\/figure>\r\n","protected":false},"excerpt":{"rendered":"<p>Sie m\u00f6chten einen Bauteil Selbst pulverbeschichten und Ihnen fehlt das passende Pulverbeschichtungsger\u00e4t daf\u00fcr? Lange Zeit gab es daf\u00fcr keine L\u00f6sung wenn man selber etwas mit Pulver beschichten wollte. Wir von Bengs Modellbau freuen uns Ihnen das Pulverbeschichtungsger\u00e4t von Bengs Modellbau vorstellen zu d\u00fcrfen. Die Pulverpistole ist die optimale L\u00f6sung f\u00fcr kleine und mittelgro\u00dfe Teile. Pulverbeschichten [&hellip;]<\/p>\n","protected":false},"author":1,"featured_media":0,"parent":0,"menu_order":0,"comment_status":"closed","ping_status":"closed","template":"","meta":{"footnotes":""},"class_list":["post-1520","page","type-page","status-publish","hentry"],"yoast_head":"<!-- This site is optimized with the Yoast SEO plugin v27.4 - https:\/\/yoast.com\/product\/yoast-seo-wordpress\/ -->\n<title>Selbst pulverbeschichten? So geht&#039;s! \u2022 Anleitung 2026 \u00bb<\/title>\n<meta name=\"description\" content=\"Zum selbst pulverbeschichten gibt es mittlerweile ein tolles Pulverbeschichtungsger\u00e4t. F\u00fcr Hobby oder Gewerbe. Immer ein gutes Ergebniss.\" \/>\n<meta name=\"robots\" content=\"index, follow, max-snippet:-1, max-image-preview:large, max-video-preview:-1\" \/>\n<link rel=\"canonical\" href=\"https:\/\/www.bengs-modellbau.de\/magazin\/selbst-pulverbeschichten-so-machen-sie-ihre-pulverbeschichtung-selber\/\" \/>\n<meta property=\"og:locale\" content=\"de_DE\" \/>\n<meta property=\"og:type\" content=\"article\" \/>\n<meta property=\"og:title\" content=\"Selbst pulverbeschichten? So geht&#039;s! \u2022 Anleitung 2026 \u00bb\" \/>\n<meta property=\"og:description\" content=\"Zum selbst pulverbeschichten gibt es mittlerweile ein tolles Pulverbeschichtungsger\u00e4t. F\u00fcr Hobby oder Gewerbe. Immer ein gutes Ergebniss.\" \/>\n<meta property=\"og:url\" content=\"https:\/\/www.bengs-modellbau.de\/magazin\/selbst-pulverbeschichten-so-machen-sie-ihre-pulverbeschichtung-selber\/\" \/>\n<meta property=\"og:site_name\" content=\"Bengs Modellbau Magazin\" \/>\n<meta property=\"article:modified_time\" content=\"2024-03-30T07:26:17+00:00\" \/>\n<meta property=\"og:image\" content=\"https:\/\/www.bengs-modellbau.de\/magazin\/wp-content\/uploads\/2018\/11\/Pulverbeschichten-pistole-bengs.jpg\" \/>\n<meta name=\"twitter:card\" content=\"summary_large_image\" \/>\n<meta name=\"twitter:label1\" content=\"Gesch\u00e4tzte Lesezeit\" \/>\n\t<meta name=\"twitter:data1\" content=\"5\u00a0Minuten\" \/>\n<script type=\"application\/ld+json\" class=\"yoast-schema-graph\">{\"@context\":\"https:\\\/\\\/schema.org\",\"@graph\":[{\"@type\":\"WebPage\",\"@id\":\"https:\\\/\\\/www.bengs-modellbau.de\\\/magazin\\\/selbst-pulverbeschichten-so-machen-sie-ihre-pulverbeschichtung-selber\\\/\",\"url\":\"https:\\\/\\\/www.bengs-modellbau.de\\\/magazin\\\/selbst-pulverbeschichten-so-machen-sie-ihre-pulverbeschichtung-selber\\\/\",\"name\":\"Selbst pulverbeschichten? So geht's! \u2022 Anleitung 2026 \u00bb\",\"isPartOf\":{\"@id\":\"https:\\\/\\\/www.bengs-modellbau.de\\\/magazin\\\/#website\"},\"primaryImageOfPage\":{\"@id\":\"https:\\\/\\\/www.bengs-modellbau.de\\\/magazin\\\/selbst-pulverbeschichten-so-machen-sie-ihre-pulverbeschichtung-selber\\\/#primaryimage\"},\"image\":{\"@id\":\"https:\\\/\\\/www.bengs-modellbau.de\\\/magazin\\\/selbst-pulverbeschichten-so-machen-sie-ihre-pulverbeschichtung-selber\\\/#primaryimage\"},\"thumbnailUrl\":\"https:\\\/\\\/www.bengs-modellbau.de\\\/magazin\\\/wp-content\\\/uploads\\\/2018\\\/11\\\/Pulverbeschichten-pistole-bengs.jpg\",\"datePublished\":\"2013-08-22T09:00:08+00:00\",\"dateModified\":\"2024-03-30T07:26:17+00:00\",\"description\":\"Zum selbst pulverbeschichten gibt es mittlerweile ein tolles Pulverbeschichtungsger\u00e4t. F\u00fcr Hobby oder Gewerbe. Immer ein gutes Ergebniss.\",\"breadcrumb\":{\"@id\":\"https:\\\/\\\/www.bengs-modellbau.de\\\/magazin\\\/selbst-pulverbeschichten-so-machen-sie-ihre-pulverbeschichtung-selber\\\/#breadcrumb\"},\"inLanguage\":\"de\",\"potentialAction\":[{\"@type\":\"ReadAction\",\"target\":[\"https:\\\/\\\/www.bengs-modellbau.de\\\/magazin\\\/selbst-pulverbeschichten-so-machen-sie-ihre-pulverbeschichtung-selber\\\/\"]}]},{\"@type\":\"ImageObject\",\"inLanguage\":\"de\",\"@id\":\"https:\\\/\\\/www.bengs-modellbau.de\\\/magazin\\\/selbst-pulverbeschichten-so-machen-sie-ihre-pulverbeschichtung-selber\\\/#primaryimage\",\"url\":\"https:\\\/\\\/www.bengs-modellbau.de\\\/magazin\\\/wp-content\\\/uploads\\\/2018\\\/11\\\/Pulverbeschichten-pistole-bengs.jpg\",\"contentUrl\":\"https:\\\/\\\/www.bengs-modellbau.de\\\/magazin\\\/wp-content\\\/uploads\\\/2018\\\/11\\\/Pulverbeschichten-pistole-bengs.jpg\",\"width\":362,\"height\":282,\"caption\":\"Pulverbeschichtung im Shop kaufen\"},{\"@type\":\"BreadcrumbList\",\"@id\":\"https:\\\/\\\/www.bengs-modellbau.de\\\/magazin\\\/selbst-pulverbeschichten-so-machen-sie-ihre-pulverbeschichtung-selber\\\/#breadcrumb\",\"itemListElement\":[{\"@type\":\"ListItem\",\"position\":1,\"name\":\"Startseite\",\"item\":\"https:\\\/\\\/www.bengs-modellbau.de\\\/magazin\\\/\"},{\"@type\":\"ListItem\",\"position\":2,\"name\":\"Selbst pulverbeschichten? So machen Sie Ihre Pulverbeschichtung selber!\"}]},{\"@type\":\"WebSite\",\"@id\":\"https:\\\/\\\/www.bengs-modellbau.de\\\/magazin\\\/#website\",\"url\":\"https:\\\/\\\/www.bengs-modellbau.de\\\/magazin\\\/\",\"name\":\"Bengs Modellbau Magazin\",\"description\":\"\",\"publisher\":{\"@id\":\"https:\\\/\\\/www.bengs-modellbau.de\\\/magazin\\\/#organization\"},\"potentialAction\":[{\"@type\":\"SearchAction\",\"target\":{\"@type\":\"EntryPoint\",\"urlTemplate\":\"https:\\\/\\\/www.bengs-modellbau.de\\\/magazin\\\/?s={search_term_string}\"},\"query-input\":{\"@type\":\"PropertyValueSpecification\",\"valueRequired\":true,\"valueName\":\"search_term_string\"}}],\"inLanguage\":\"de\"},{\"@type\":\"Organization\",\"@id\":\"https:\\\/\\\/www.bengs-modellbau.de\\\/magazin\\\/#organization\",\"name\":\"Bengs Modellbau Magazin\",\"url\":\"https:\\\/\\\/www.bengs-modellbau.de\\\/magazin\\\/\",\"logo\":{\"@type\":\"ImageObject\",\"inLanguage\":\"de\",\"@id\":\"https:\\\/\\\/www.bengs-modellbau.de\\\/magazin\\\/#\\\/schema\\\/logo\\\/image\\\/\",\"url\":\"https:\\\/\\\/www.bengs-modellbau.de\\\/magazin\\\/wp-content\\\/uploads\\\/2024\\\/01\\\/logo-bengs-ebay-2.jpg\",\"contentUrl\":\"https:\\\/\\\/www.bengs-modellbau.de\\\/magazin\\\/wp-content\\\/uploads\\\/2024\\\/01\\\/logo-bengs-ebay-2.jpg\",\"width\":369,\"height\":167,\"caption\":\"Bengs Modellbau Magazin\"},\"image\":{\"@id\":\"https:\\\/\\\/www.bengs-modellbau.de\\\/magazin\\\/#\\\/schema\\\/logo\\\/image\\\/\"}}]}<\/script>\n<!-- \/ Yoast SEO plugin. -->","yoast_head_json":{"title":"Selbst pulverbeschichten? So geht's! \u2022 Anleitung 2026 \u00bb","description":"Zum selbst pulverbeschichten gibt es mittlerweile ein tolles Pulverbeschichtungsger\u00e4t. F\u00fcr Hobby oder Gewerbe. Immer ein gutes Ergebniss.","robots":{"index":"index","follow":"follow","max-snippet":"max-snippet:-1","max-image-preview":"max-image-preview:large","max-video-preview":"max-video-preview:-1"},"canonical":"https:\/\/www.bengs-modellbau.de\/magazin\/selbst-pulverbeschichten-so-machen-sie-ihre-pulverbeschichtung-selber\/","og_locale":"de_DE","og_type":"article","og_title":"Selbst pulverbeschichten? So geht's! \u2022 Anleitung 2026 \u00bb","og_description":"Zum selbst pulverbeschichten gibt es mittlerweile ein tolles Pulverbeschichtungsger\u00e4t. F\u00fcr Hobby oder Gewerbe. Immer ein gutes Ergebniss.","og_url":"https:\/\/www.bengs-modellbau.de\/magazin\/selbst-pulverbeschichten-so-machen-sie-ihre-pulverbeschichtung-selber\/","og_site_name":"Bengs Modellbau Magazin","article_modified_time":"2024-03-30T07:26:17+00:00","og_image":[{"url":"https:\/\/www.bengs-modellbau.de\/magazin\/wp-content\/uploads\/2018\/11\/Pulverbeschichten-pistole-bengs.jpg","type":"","width":"","height":""}],"twitter_card":"summary_large_image","twitter_misc":{"Gesch\u00e4tzte Lesezeit":"5\u00a0Minuten"},"schema":{"@context":"https:\/\/schema.org","@graph":[{"@type":"WebPage","@id":"https:\/\/www.bengs-modellbau.de\/magazin\/selbst-pulverbeschichten-so-machen-sie-ihre-pulverbeschichtung-selber\/","url":"https:\/\/www.bengs-modellbau.de\/magazin\/selbst-pulverbeschichten-so-machen-sie-ihre-pulverbeschichtung-selber\/","name":"Selbst pulverbeschichten? So geht's! \u2022 Anleitung 2026 \u00bb","isPartOf":{"@id":"https:\/\/www.bengs-modellbau.de\/magazin\/#website"},"primaryImageOfPage":{"@id":"https:\/\/www.bengs-modellbau.de\/magazin\/selbst-pulverbeschichten-so-machen-sie-ihre-pulverbeschichtung-selber\/#primaryimage"},"image":{"@id":"https:\/\/www.bengs-modellbau.de\/magazin\/selbst-pulverbeschichten-so-machen-sie-ihre-pulverbeschichtung-selber\/#primaryimage"},"thumbnailUrl":"https:\/\/www.bengs-modellbau.de\/magazin\/wp-content\/uploads\/2018\/11\/Pulverbeschichten-pistole-bengs.jpg","datePublished":"2013-08-22T09:00:08+00:00","dateModified":"2024-03-30T07:26:17+00:00","description":"Zum selbst pulverbeschichten gibt es mittlerweile ein tolles Pulverbeschichtungsger\u00e4t. F\u00fcr Hobby oder Gewerbe. Immer ein gutes Ergebniss.","breadcrumb":{"@id":"https:\/\/www.bengs-modellbau.de\/magazin\/selbst-pulverbeschichten-so-machen-sie-ihre-pulverbeschichtung-selber\/#breadcrumb"},"inLanguage":"de","potentialAction":[{"@type":"ReadAction","target":["https:\/\/www.bengs-modellbau.de\/magazin\/selbst-pulverbeschichten-so-machen-sie-ihre-pulverbeschichtung-selber\/"]}]},{"@type":"ImageObject","inLanguage":"de","@id":"https:\/\/www.bengs-modellbau.de\/magazin\/selbst-pulverbeschichten-so-machen-sie-ihre-pulverbeschichtung-selber\/#primaryimage","url":"https:\/\/www.bengs-modellbau.de\/magazin\/wp-content\/uploads\/2018\/11\/Pulverbeschichten-pistole-bengs.jpg","contentUrl":"https:\/\/www.bengs-modellbau.de\/magazin\/wp-content\/uploads\/2018\/11\/Pulverbeschichten-pistole-bengs.jpg","width":362,"height":282,"caption":"Pulverbeschichtung im Shop kaufen"},{"@type":"BreadcrumbList","@id":"https:\/\/www.bengs-modellbau.de\/magazin\/selbst-pulverbeschichten-so-machen-sie-ihre-pulverbeschichtung-selber\/#breadcrumb","itemListElement":[{"@type":"ListItem","position":1,"name":"Startseite","item":"https:\/\/www.bengs-modellbau.de\/magazin\/"},{"@type":"ListItem","position":2,"name":"Selbst pulverbeschichten? So machen Sie Ihre Pulverbeschichtung selber!"}]},{"@type":"WebSite","@id":"https:\/\/www.bengs-modellbau.de\/magazin\/#website","url":"https:\/\/www.bengs-modellbau.de\/magazin\/","name":"Bengs Modellbau Magazin","description":"","publisher":{"@id":"https:\/\/www.bengs-modellbau.de\/magazin\/#organization"},"potentialAction":[{"@type":"SearchAction","target":{"@type":"EntryPoint","urlTemplate":"https:\/\/www.bengs-modellbau.de\/magazin\/?s={search_term_string}"},"query-input":{"@type":"PropertyValueSpecification","valueRequired":true,"valueName":"search_term_string"}}],"inLanguage":"de"},{"@type":"Organization","@id":"https:\/\/www.bengs-modellbau.de\/magazin\/#organization","name":"Bengs Modellbau Magazin","url":"https:\/\/www.bengs-modellbau.de\/magazin\/","logo":{"@type":"ImageObject","inLanguage":"de","@id":"https:\/\/www.bengs-modellbau.de\/magazin\/#\/schema\/logo\/image\/","url":"https:\/\/www.bengs-modellbau.de\/magazin\/wp-content\/uploads\/2024\/01\/logo-bengs-ebay-2.jpg","contentUrl":"https:\/\/www.bengs-modellbau.de\/magazin\/wp-content\/uploads\/2024\/01\/logo-bengs-ebay-2.jpg","width":369,"height":167,"caption":"Bengs Modellbau Magazin"},"image":{"@id":"https:\/\/www.bengs-modellbau.de\/magazin\/#\/schema\/logo\/image\/"}}]}},"_links":{"self":[{"href":"https:\/\/www.bengs-modellbau.de\/magazin\/wp-json\/wp\/v2\/pages\/1520","targetHints":{"allow":["GET"]}}],"collection":[{"href":"https:\/\/www.bengs-modellbau.de\/magazin\/wp-json\/wp\/v2\/pages"}],"about":[{"href":"https:\/\/www.bengs-modellbau.de\/magazin\/wp-json\/wp\/v2\/types\/page"}],"author":[{"embeddable":true,"href":"https:\/\/www.bengs-modellbau.de\/magazin\/wp-json\/wp\/v2\/users\/1"}],"replies":[{"embeddable":true,"href":"https:\/\/www.bengs-modellbau.de\/magazin\/wp-json\/wp\/v2\/comments?post=1520"}],"version-history":[{"count":25,"href":"https:\/\/www.bengs-modellbau.de\/magazin\/wp-json\/wp\/v2\/pages\/1520\/revisions"}],"predecessor-version":[{"id":5225,"href":"https:\/\/www.bengs-modellbau.de\/magazin\/wp-json\/wp\/v2\/pages\/1520\/revisions\/5225"}],"wp:attachment":[{"href":"https:\/\/www.bengs-modellbau.de\/magazin\/wp-json\/wp\/v2\/media?parent=1520"}],"curies":[{"name":"wp","href":"https:\/\/api.w.org\/{rel}","templated":true}]}}